{"id":3939,"date":"2025-05-30T21:38:12","date_gmt":"2025-05-31T00:38:12","guid":{"rendered":"https:\/\/vohnabrindes.com.br\/?post_type=product&#038;p=3939"},"modified":"2025-05-30T21:38:15","modified_gmt":"2025-05-31T00:38:15","slug":"caderneta-emborrachada-com-suporte-para-caneta-personalizado","status":"publish","type":"product","link":"https:\/\/vohnabrindes.com.br\/index.php\/product\/caderneta-emborrachada-com-suporte-para-caneta-personalizado\/","title":{"rendered":"Caderneta emborrachada com suporte para caneta personalizado."},"content":{"rendered":"<h6 id=\"item_referencia\">03002-<span class=\"desc-sub my-desc-sub\">Caderneta emborrachada com suporte para caneta. Cont\u00e9m aproximadamente 96 folhas amarelas sem pauta, suporte de nylon para caneta (n\u00e3o acompanha), marcador de p\u00e1gina em cetim e el\u00e1stico para lacre com plaquinha de centro emborrachado.<\/span><\/h6>\n<div class=\"caracs\">\n<p class=\"desc-tit\">Altura<span class=\"desc-sub\"> :\u00a0 21,4 cm\u00a0 x <\/span>Largura<span class=\"desc-sub\"> :\u00a0 14,7 cm x <\/span>Espessura<span class=\"desc-sub\">\u00a0:\u00a0 2,3 cm<\/span><\/p>\n<p class=\"desc-tit\">Medidas aproximadas para grava\u00e7\u00e3o<span class=\"desc-sub\">\u00a0(CxL):\u00a0 20,8 cm x 13,8 cm \u2013 Plaquinha 1,1 cm x 2,7 cm<\/span><\/p>\n<div class=\"desc\">\n<h6 class=\"desc-tit\">Peso aproximado<span class=\"desc-sub\">\u00a0(g):\u00a0 324<\/span><\/h6>\n<\/div>\n<\/div>\n","protected":false},"excerpt":{"rendered":"<p>03002-Caderneta emborrachada com suporte para caneta. Cont\u00e9m aproximadamente 96 folhas amarelas sem pauta, suporte de nylon para caneta (n\u00e3o acompanha), marcador de p\u00e1gina em cetim e<span class=\"excerpt-hellip\"> [\u2026]<\/span><\/p>\n","protected":false},"featured_media":518,"comment_status":"open","ping_status":"closed","template":"","meta":[],"product_cat":[146],"product_tag":[147,148],"class_list":["post-3939","product","type-product","status-publish","has-post-thumbnail","hentry","product_cat-blocos-e-cadernetas","product_tag-bloco","product_tag-bloco-de-anotacoes"],"_links":{"self":[{"href":"https:\/\/vohnabrindes.com.br\/index.php\/wp-json\/wp\/v2\/product\/3939","targetHints":{"allow":["GET"]}}],"collection":[{"href":"https:\/\/vohnabrindes.com.br\/index.php\/wp-json\/wp\/v2\/product"}],"about":[{"href":"https:\/\/vohnabrindes.com.br\/index.php\/wp-json\/wp\/v2\/types\/product"}],"replies":[{"embeddable":true,"href":"https:\/\/vohnabrindes.com.br\/index.php\/wp-json\/wp\/v2\/comments?post=3939"}],"version-history":[{"count":1,"href":"https:\/\/vohnabrindes.com.br\/index.php\/wp-json\/wp\/v2\/product\/3939\/revisions"}],"predecessor-version":[{"id":3970,"href":"https:\/\/vohnabrindes.com.br\/index.php\/wp-json\/wp\/v2\/product\/3939\/revisions\/3970"}],"wp:featuredmedia":[{"embeddable":true,"href":"https:\/\/vohnabrindes.com.br\/index.php\/wp-json\/wp\/v2\/media\/518"}],"wp:attachment":[{"href":"https:\/\/vohnabrindes.com.br\/index.php\/wp-json\/wp\/v2\/media?parent=3939"}],"wp:term":[{"taxonomy":"product_cat","embeddable":true,"href":"https:\/\/vohnabrindes.com.br\/index.php\/wp-json\/wp\/v2\/product_cat?post=3939"},{"taxonomy":"product_tag","embeddable":true,"href":"https:\/\/vohnabrindes.com.br\/index.php\/wp-json\/wp\/v2\/product_tag?post=3939"}],"curies":[{"name":"wp","href":"https:\/\/api.w.org\/{rel}","templated":true}]}}