{"id":3940,"date":"2025-05-30T21:38:12","date_gmt":"2025-05-31T00:38:12","guid":{"rendered":"https:\/\/vohnabrindes.com.br\/?post_type=product&#038;p=3940"},"modified":"2025-05-30T21:38:16","modified_gmt":"2025-05-31T00:38:16","slug":"bloco-de-anotacoes-ecologico-com-caneta-personalizado","status":"publish","type":"product","link":"https:\/\/vohnabrindes.com.br\/index.php\/product\/bloco-de-anotacoes-ecologico-com-caneta-personalizado\/","title":{"rendered":"Bloco de Anota\u00e7\u00f5es Ecol\u00f3gico com Caneta personalizado."},"content":{"rendered":"<h6 id=\"item_referencia\">13005<\/h6>\n<p class=\"produto-nome\"><span class=\"desc-sub my-desc-sub\">Bloco de anota\u00e7\u00f5es ecol\u00f3gico com capa e miolo vazados, utilizados como suporte para a caneta. Bloco com miolo de picote, el\u00e1stico para lacre e caneta de papel\u00e3o com detalhes pl\u00e1sticos, carga esferogr\u00e1fica na cor azul e acionamento por clique.<\/span><\/p>\n<div class=\"caracs\">\n<div class=\"desc\">\n<p class=\"desc-tit\">Altura<span class=\"desc-sub\"> :\u00a0 19,9 cm x <\/span>Largura<span class=\"desc-sub\"> :\u00a0 13,5 cm x <\/span>Espessura<span class=\"desc-sub\">\u00a0:\u00a0 1,7 cm<\/span><\/p>\n<\/div>\n<div class=\"desc\">\n<p class=\"desc-tit\">Medidas aproximadas para grava\u00e7\u00e3o<span class=\"desc-sub\">\u00a0(CxL):\u00a0 0,7 cm x 3,7 cm<\/span><\/p>\n<\/div>\n<div class=\"desc\">\n<p class=\"desc-tit\">Peso aproximado<span class=\"desc-sub\">\u00a0(g):\u00a0 249<\/span><\/p>\n<\/div>\n<\/div>\n","protected":false},"excerpt":{"rendered":"<p>13005 Bloco de anota\u00e7\u00f5es ecol\u00f3gico com capa e miolo vazados, utilizados como suporte para a caneta. Bloco com miolo de picote, el\u00e1stico para lacre e caneta<span class=\"excerpt-hellip\"> [\u2026]<\/span><\/p>\n","protected":false},"featured_media":520,"comment_status":"open","ping_status":"closed","template":"","meta":[],"product_cat":[146],"product_tag":[147,157,159],"class_list":["post-3940","product","type-product","status-publish","has-post-thumbnail","hentry","product_cat-blocos-e-cadernetas","product_tag-bloco","product_tag-bloco-com-post-its","product_tag-bloco-ecologico"],"_links":{"self":[{"href":"https:\/\/vohnabrindes.com.br\/index.php\/wp-json\/wp\/v2\/product\/3940","targetHints":{"allow":["GET"]}}],"collection":[{"href":"https:\/\/vohnabrindes.com.br\/index.php\/wp-json\/wp\/v2\/product"}],"about":[{"href":"https:\/\/vohnabrindes.com.br\/index.php\/wp-json\/wp\/v2\/types\/product"}],"replies":[{"embeddable":true,"href":"https:\/\/vohnabrindes.com.br\/index.php\/wp-json\/wp\/v2\/comments?post=3940"}],"version-history":[{"count":1,"href":"https:\/\/vohnabrindes.com.br\/index.php\/wp-json\/wp\/v2\/product\/3940\/revisions"}],"predecessor-version":[{"id":3971,"href":"https:\/\/vohnabrindes.com.br\/index.php\/wp-json\/wp\/v2\/product\/3940\/revisions\/3971"}],"wp:featuredmedia":[{"embeddable":true,"href":"https:\/\/vohnabrindes.com.br\/index.php\/wp-json\/wp\/v2\/media\/520"}],"wp:attachment":[{"href":"https:\/\/vohnabrindes.com.br\/index.php\/wp-json\/wp\/v2\/media?parent=3940"}],"wp:term":[{"taxonomy":"product_cat","embeddable":true,"href":"https:\/\/vohnabrindes.com.br\/index.php\/wp-json\/wp\/v2\/product_cat?post=3940"},{"taxonomy":"product_tag","embeddable":true,"href":"https:\/\/vohnabrindes.com.br\/index.php\/wp-json\/wp\/v2\/product_tag?post=3940"}],"curies":[{"name":"wp","href":"https:\/\/api.w.org\/{rel}","templated":true}]}}