{"id":3941,"date":"2025-05-30T21:38:12","date_gmt":"2025-05-31T00:38:12","guid":{"rendered":"https:\/\/vohnabrindes.com.br\/?post_type=product&#038;p=3941"},"modified":"2025-05-30T21:38:16","modified_gmt":"2025-05-31T00:38:16","slug":"caderno-a5-ecologico","status":"publish","type":"product","link":"https:\/\/vohnabrindes.com.br\/index.php\/product\/caderno-a5-ecologico\/","title":{"rendered":"Caderno A5 ecol\u00f3gico."},"content":{"rendered":"<div class=\"ref\">93275-NERUDA.<\/div>\n<div class=\"texto\">Caderno A5 com capa dura em palha natural. Incluso uma placa em metal, pr\u00f3pria para personaliza\u00e7\u00e3o, para adicionar \u00e0 capa. Cont\u00e9m 96 folhas pautadas em papel cor marfim proveniente de gest\u00e3o florestal sustent\u00e1vel. Fornecido em envelope de cart\u00e3o. 150 x 210 mm | Placa: 30 x 15 mm<\/div>\n","protected":false},"excerpt":{"rendered":"<p>93275-NERUDA. Caderno A5 com capa dura em palha natural. Incluso uma placa em metal, pr\u00f3pria para personaliza\u00e7\u00e3o, para adicionar \u00e0 capa. Cont\u00e9m 96 folhas pautadas em<span class=\"excerpt-hellip\"> [\u2026]<\/span><\/p>\n","protected":false},"featured_media":522,"comment_status":"open","ping_status":"closed","template":"","meta":[],"product_cat":[146,144,126],"product_tag":[147,163,158,164],"class_list":["post-3941","product","type-product","status-publish","has-post-thumbnail","hentry","product_cat-blocos-e-cadernetas","product_cat-cadernos-e-pastas","product_cat-linha-ecologica","product_tag-bloco","product_tag-bloco-de-anotacoes-ecologico","product_tag-caderno","product_tag-caderno-ecologico"],"_links":{"self":[{"href":"https:\/\/vohnabrindes.com.br\/index.php\/wp-json\/wp\/v2\/product\/3941","targetHints":{"allow":["GET"]}}],"collection":[{"href":"https:\/\/vohnabrindes.com.br\/index.php\/wp-json\/wp\/v2\/product"}],"about":[{"href":"https:\/\/vohnabrindes.com.br\/index.php\/wp-json\/wp\/v2\/types\/product"}],"replies":[{"embeddable":true,"href":"https:\/\/vohnabrindes.com.br\/index.php\/wp-json\/wp\/v2\/comments?post=3941"}],"version-history":[{"count":1,"href":"https:\/\/vohnabrindes.com.br\/index.php\/wp-json\/wp\/v2\/product\/3941\/revisions"}],"predecessor-version":[{"id":3972,"href":"https:\/\/vohnabrindes.com.br\/index.php\/wp-json\/wp\/v2\/product\/3941\/revisions\/3972"}],"wp:featuredmedia":[{"embeddable":true,"href":"https:\/\/vohnabrindes.com.br\/index.php\/wp-json\/wp\/v2\/media\/522"}],"wp:attachment":[{"href":"https:\/\/vohnabrindes.com.br\/index.php\/wp-json\/wp\/v2\/media?parent=3941"}],"wp:term":[{"taxonomy":"product_cat","embeddable":true,"href":"https:\/\/vohnabrindes.com.br\/index.php\/wp-json\/wp\/v2\/product_cat?post=3941"},{"taxonomy":"product_tag","embeddable":true,"href":"https:\/\/vohnabrindes.com.br\/index.php\/wp-json\/wp\/v2\/product_tag?post=3941"}],"curies":[{"name":"wp","href":"https:\/\/api.w.org\/{rel}","templated":true}]}}