{"id":4005,"date":"2025-05-30T21:38:18","date_gmt":"2025-05-31T00:38:18","guid":{"rendered":"https:\/\/vohnabrindes.com.br\/?post_type=product&#038;p=4005"},"modified":"2025-05-30T21:38:22","modified_gmt":"2025-05-31T00:38:22","slug":"espelho-de-maquiagem-de-bolsa-personalizado","status":"publish","type":"product","link":"https:\/\/vohnabrindes.com.br\/index.php\/product\/espelho-de-maquiagem-de-bolsa-personalizado\/","title":{"rendered":"Espelho de maquiagem de bolsa personalizado."},"content":{"rendered":"<div class=\"ref\">94853-STREEP.<\/div>\n<div class=\"ref\">Espelho de maquiagem de bolsa.<\/div>\n<div class=\"texto\">Espelho de maquiagem com formato redondo, pr\u00e1tico e com o tamanho ideal para transportar na bolsa.<\/div>\n<div class=\"texto\">dimens\u00f5es: \u00f860 x 5 mm<\/div>\n","protected":false},"excerpt":{"rendered":"<p>94853-STREEP. Espelho de maquiagem de bolsa. Espelho de maquiagem com formato redondo, pr\u00e1tico e com o tamanho ideal para transportar na bolsa. dimens\u00f5es: \u00f860 x 5<span class=\"excerpt-hellip\"> [\u2026]<\/span><\/p>\n","protected":false},"featured_media":622,"comment_status":"open","ping_status":"closed","template":"","meta":[],"product_cat":[184],"product_tag":[185,186,187],"class_list":["post-4005","product","type-product","status-publish","has-post-thumbnail","hentry","product_cat-linha-feminina","product_tag-espelho-de-bolsa","product_tag-espelho-de-bolsa-personalizado","product_tag-espelho-de-maquiagem"],"_links":{"self":[{"href":"https:\/\/vohnabrindes.com.br\/index.php\/wp-json\/wp\/v2\/product\/4005","targetHints":{"allow":["GET"]}}],"collection":[{"href":"https:\/\/vohnabrindes.com.br\/index.php\/wp-json\/wp\/v2\/product"}],"about":[{"href":"https:\/\/vohnabrindes.com.br\/index.php\/wp-json\/wp\/v2\/types\/product"}],"replies":[{"embeddable":true,"href":"https:\/\/vohnabrindes.com.br\/index.php\/wp-json\/wp\/v2\/comments?post=4005"}],"version-history":[{"count":1,"href":"https:\/\/vohnabrindes.com.br\/index.php\/wp-json\/wp\/v2\/product\/4005\/revisions"}],"predecessor-version":[{"id":4037,"href":"https:\/\/vohnabrindes.com.br\/index.php\/wp-json\/wp\/v2\/product\/4005\/revisions\/4037"}],"wp:featuredmedia":[{"embeddable":true,"href":"https:\/\/vohnabrindes.com.br\/index.php\/wp-json\/wp\/v2\/media\/622"}],"wp:attachment":[{"href":"https:\/\/vohnabrindes.com.br\/index.php\/wp-json\/wp\/v2\/media?parent=4005"}],"wp:term":[{"taxonomy":"product_cat","embeddable":true,"href":"https:\/\/vohnabrindes.com.br\/index.php\/wp-json\/wp\/v2\/product_cat?post=4005"},{"taxonomy":"product_tag","embeddable":true,"href":"https:\/\/vohnabrindes.com.br\/index.php\/wp-json\/wp\/v2\/product_tag?post=4005"}],"curies":[{"name":"wp","href":"https:\/\/api.w.org\/{rel}","templated":true}]}}