{"id":4102,"date":"2025-05-30T21:38:29","date_gmt":"2025-05-31T00:38:29","guid":{"rendered":"https:\/\/vohnabrindes.com.br\/?post_type=product&#038;p=4102"},"modified":"2025-05-30T21:38:30","modified_gmt":"2025-05-31T00:38:30","slug":"caneca-mixer-personalizada-2","status":"publish","type":"product","link":"https:\/\/vohnabrindes.com.br\/index.php\/product\/caneca-mixer-personalizada-2\/","title":{"rendered":"Caneca Mixer personalizada."},"content":{"rendered":"<pre class=\"mb-3\">CA0170<\/pre>\n<div class=\"d-block\">\n<div>\n<p>Caneca pl\u00e1stica mixer em a\u00e7o inox na parte interna com capacidade de at\u00e9 380ml. Na parte interna possui uma capsula imantada facilitando a remo\u00e7\u00e3o para limpeza da caneca. Ideal para jun\u00e7\u00f5es de bebidas em p\u00f3. Para a fun\u00e7\u00e3o mixer funcionar \u00e9 necess\u00e1rio 2\u00a0pilhas AAA, acompanha pilha.<\/p>\n<\/div>\n<\/div>\n","protected":false},"excerpt":{"rendered":"<p>CA0170 Caneca pl\u00e1stica mixer em a\u00e7o inox na parte interna com capacidade de at\u00e9 380ml. Na parte interna possui uma capsula imantada facilitando a remo\u00e7\u00e3o para<span class=\"excerpt-hellip\"> [\u2026]<\/span><\/p>\n","protected":false},"featured_media":728,"comment_status":"open","ping_status":"closed","template":"","meta":[],"product_cat":[135],"product_tag":[141,236,237,227],"class_list":["post-4102","product","type-product","status-publish","has-post-thumbnail","hentry","product_cat-canecas-e-copos","product_tag-caneca-com-logo","product_tag-caneca-mixer","product_tag-caneca-mixer-personalizada","product_tag-caneca-personalizada"],"_links":{"self":[{"href":"https:\/\/vohnabrindes.com.br\/index.php\/wp-json\/wp\/v2\/product\/4102","targetHints":{"allow":["GET"]}}],"collection":[{"href":"https:\/\/vohnabrindes.com.br\/index.php\/wp-json\/wp\/v2\/product"}],"about":[{"href":"https:\/\/vohnabrindes.com.br\/index.php\/wp-json\/wp\/v2\/types\/product"}],"replies":[{"embeddable":true,"href":"https:\/\/vohnabrindes.com.br\/index.php\/wp-json\/wp\/v2\/comments?post=4102"}],"version-history":[{"count":1,"href":"https:\/\/vohnabrindes.com.br\/index.php\/wp-json\/wp\/v2\/product\/4102\/revisions"}],"predecessor-version":[{"id":4132,"href":"https:\/\/vohnabrindes.com.br\/index.php\/wp-json\/wp\/v2\/product\/4102\/revisions\/4132"}],"wp:featuredmedia":[{"embeddable":true,"href":"https:\/\/vohnabrindes.com.br\/index.php\/wp-json\/wp\/v2\/media\/728"}],"wp:attachment":[{"href":"https:\/\/vohnabrindes.com.br\/index.php\/wp-json\/wp\/v2\/media?parent=4102"}],"wp:term":[{"taxonomy":"product_cat","embeddable":true,"href":"https:\/\/vohnabrindes.com.br\/index.php\/wp-json\/wp\/v2\/product_cat?post=4102"},{"taxonomy":"product_tag","embeddable":true,"href":"https:\/\/vohnabrindes.com.br\/index.php\/wp-json\/wp\/v2\/product_tag?post=4102"}],"curies":[{"name":"wp","href":"https:\/\/api.w.org\/{rel}","templated":true}]}}