{"id":4166,"date":"2025-05-30T21:38:33","date_gmt":"2025-05-31T00:38:33","guid":{"rendered":"https:\/\/vohnabrindes.com.br\/?post_type=product&#038;p=4166"},"modified":"2025-05-30T21:38:35","modified_gmt":"2025-05-31T00:38:35","slug":"mochila-personalizada","status":"publish","type":"product","link":"https:\/\/vohnabrindes.com.br\/index.php\/product\/mochila-personalizada\/","title":{"rendered":"Mochila personalizada."},"content":{"rendered":"<div class=\"ref\">92191-\u00a0DELFOS.<\/div>\n<div><\/div>\n<div class=\"texto\">Mochila \u00e0 tiracolo em 300D rPET e 600D rPET.<\/div>\n<div class=\"texto\">Possui compartimento principal e bolso frontal com fecho.<\/div>\n<div class=\"texto\">Cont\u00e9m elementos refletores e um el\u00e1stico interior para transporte de garrafa.<\/div>\n<div class=\"texto\">As al\u00e7as e a parte posterior s\u00e3o almofadadas.<\/div>\n<div class=\"texto\">dimens\u00f5es: 200 x 340 x 80 mm<\/div>\n","protected":false},"excerpt":{"rendered":"<p>92191-\u00a0DELFOS. Mochila \u00e0 tiracolo em 300D rPET e 600D rPET. Possui compartimento principal e bolso frontal com fecho. Cont\u00e9m elementos refletores e um el\u00e1stico interior para<span class=\"excerpt-hellip\"> [\u2026]<\/span><\/p>\n","protected":false},"featured_media":830,"comment_status":"open","ping_status":"closed","template":"","meta":[],"product_cat":[171],"product_tag":[289,180,181],"class_list":["post-4166","product","type-product","status-publish","has-post-thumbnail","hentry","product_cat-mochilas-e-malas","product_tag-mochila-amiga-do-meio-ambiente","product_tag-mochila-executiva","product_tag-mochila-personalizada"],"_links":{"self":[{"href":"https:\/\/vohnabrindes.com.br\/index.php\/wp-json\/wp\/v2\/product\/4166","targetHints":{"allow":["GET"]}}],"collection":[{"href":"https:\/\/vohnabrindes.com.br\/index.php\/wp-json\/wp\/v2\/product"}],"about":[{"href":"https:\/\/vohnabrindes.com.br\/index.php\/wp-json\/wp\/v2\/types\/product"}],"replies":[{"embeddable":true,"href":"https:\/\/vohnabrindes.com.br\/index.php\/wp-json\/wp\/v2\/comments?post=4166"}],"version-history":[{"count":1,"href":"https:\/\/vohnabrindes.com.br\/index.php\/wp-json\/wp\/v2\/product\/4166\/revisions"}],"predecessor-version":[{"id":4196,"href":"https:\/\/vohnabrindes.com.br\/index.php\/wp-json\/wp\/v2\/product\/4166\/revisions\/4196"}],"wp:featuredmedia":[{"embeddable":true,"href":"https:\/\/vohnabrindes.com.br\/index.php\/wp-json\/wp\/v2\/media\/830"}],"wp:attachment":[{"href":"https:\/\/vohnabrindes.com.br\/index.php\/wp-json\/wp\/v2\/media?parent=4166"}],"wp:term":[{"taxonomy":"product_cat","embeddable":true,"href":"https:\/\/vohnabrindes.com.br\/index.php\/wp-json\/wp\/v2\/product_cat?post=4166"},{"taxonomy":"product_tag","embeddable":true,"href":"https:\/\/vohnabrindes.com.br\/index.php\/wp-json\/wp\/v2\/product_tag?post=4166"}],"curies":[{"name":"wp","href":"https:\/\/api.w.org\/{rel}","templated":true}]}}