{"id":4167,"date":"2025-05-30T21:38:33","date_gmt":"2025-05-31T00:38:33","guid":{"rendered":"https:\/\/vohnabrindes.com.br\/?post_type=product&#038;p=4167"},"modified":"2025-05-30T21:38:35","modified_gmt":"2025-05-31T00:38:35","slug":"mochila-poliester-anti-furto-usb-personalizada","status":"publish","type":"product","link":"https:\/\/vohnabrindes.com.br\/index.php\/product\/mochila-poliester-anti-furto-usb-personalizada\/","title":{"rendered":"Mochila Poli\u00e9ster Anti-Furto USB personalizada."},"content":{"rendered":"<pre id=\"item_referencia\">14290<\/pre>\n<p class=\"produto-nome\">Mochila Poli\u00e9ster Anti-Furto USB<\/p>\n<div class=\"caracs\">\n<div class=\"desc\">\n<p class=\"desc-tit\"><span class=\"desc-sub my-desc-sub\">Mochila anti-furto de poli\u00e9ster. Pensando na seguran\u00e7a do usu\u00e1rio foi confeccionado o compartimento principal na \u00e1rea traseira, impossibilitando a abertura do produto mesmo com a mochila na costa do usu\u00e1rio. Possui dispositivo com entrada USB na parte externa com cabo USB acoplado internamente; permitindo a conex\u00e3o de um carregador port\u00e1til na \u00e1rea interna e a conex\u00e3o de um eletr\u00f4nico na \u00e1rea externa, viabilizando a carga e utiliza\u00e7\u00e3o do eletr\u00f4nico enquanto caminha. \u00c1rea interna do compartimento principal: bolso para notebook de 15,6 polegadas, bolso para tablet, quatro bolsos para acess\u00f3rios, possui nas laterais internas sistema de velcro, maximizando a seguran\u00e7a da mochila. Parte frontal com faixa refletiva, al\u00e7as para as costas ajust\u00e1veis revestidas com espuma para um maior conforto sendo uma delas com bolso de z\u00edper, al\u00e7a para m\u00e3os e al\u00e7a horizontal para encaixe em malas de viagem.<\/span><\/p>\n<\/div>\n<div class=\"desc\">\n<p class=\"desc-tit\">Altura<span class=\"desc-sub\">\u00a0:\u00a0 44 cm<\/span><\/p>\n<\/div>\n<div class=\"desc\">\n<p class=\"desc-tit\">Largura<span class=\"desc-sub\">\u00a0:\u00a0 33,5 cm<\/span><\/p>\n<\/div>\n<div class=\"desc\">\n<p class=\"desc-tit\">Profundidade<span class=\"desc-sub\">\u00a0:\u00a0 17 cm<\/span><\/p>\n<\/div>\n<div class=\"desc\">\n<p class=\"desc-tit\">Medidas aproximadas para grava\u00e7\u00e3o<span class=\"desc-sub\">\u00a0(CxL):\u00a0 21 cm x 21 cm<\/span><\/p>\n<\/div>\n<div class=\"desc\">\n<p class=\"desc-tit\">Peso aproximado<span class=\"desc-sub\">\u00a0(g):\u00a0 707<\/span><\/p>\n<\/div>\n<\/div>\n","protected":false},"excerpt":{"rendered":"<p>14290 Mochila Poli\u00e9ster Anti-Furto USB Mochila anti-furto de poli\u00e9ster. Pensando na seguran\u00e7a do usu\u00e1rio foi confeccionado o compartimento principal na \u00e1rea traseira, impossibilitando a abertura do<span class=\"excerpt-hellip\"> [\u2026]<\/span><\/p>\n","protected":false},"featured_media":832,"comment_status":"open","ping_status":"closed","template":"","meta":[],"product_cat":[171],"product_tag":[183,180,290],"class_list":["post-4167","product","type-product","status-publish","has-post-thumbnail","hentry","product_cat-mochilas-e-malas","product_tag-mochila","product_tag-mochila-executiva","product_tag-mochila-poliester-anti-furto-usb-personalizada"],"_links":{"self":[{"href":"https:\/\/vohnabrindes.com.br\/index.php\/wp-json\/wp\/v2\/product\/4167","targetHints":{"allow":["GET"]}}],"collection":[{"href":"https:\/\/vohnabrindes.com.br\/index.php\/wp-json\/wp\/v2\/product"}],"about":[{"href":"https:\/\/vohnabrindes.com.br\/index.php\/wp-json\/wp\/v2\/types\/product"}],"replies":[{"embeddable":true,"href":"https:\/\/vohnabrindes.com.br\/index.php\/wp-json\/wp\/v2\/comments?post=4167"}],"version-history":[{"count":1,"href":"https:\/\/vohnabrindes.com.br\/index.php\/wp-json\/wp\/v2\/product\/4167\/revisions"}],"predecessor-version":[{"id":4197,"href":"https:\/\/vohnabrindes.com.br\/index.php\/wp-json\/wp\/v2\/product\/4167\/revisions\/4197"}],"wp:featuredmedia":[{"embeddable":true,"href":"https:\/\/vohnabrindes.com.br\/index.php\/wp-json\/wp\/v2\/media\/832"}],"wp:attachment":[{"href":"https:\/\/vohnabrindes.com.br\/index.php\/wp-json\/wp\/v2\/media?parent=4167"}],"wp:term":[{"taxonomy":"product_cat","embeddable":true,"href":"https:\/\/vohnabrindes.com.br\/index.php\/wp-json\/wp\/v2\/product_cat?post=4167"},{"taxonomy":"product_tag","embeddable":true,"href":"https:\/\/vohnabrindes.com.br\/index.php\/wp-json\/wp\/v2\/product_tag?post=4167"}],"curies":[{"name":"wp","href":"https:\/\/api.w.org\/{rel}","templated":true}]}}