{"id":4171,"date":"2025-05-30T21:38:33","date_gmt":"2025-05-31T00:38:33","guid":{"rendered":"https:\/\/vohnabrindes.com.br\/?post_type=product&#038;p=4171"},"modified":"2025-05-30T21:38:35","modified_gmt":"2025-05-31T00:38:35","slug":"mochila-anti-furto-com-segredo","status":"publish","type":"product","link":"https:\/\/vohnabrindes.com.br\/index.php\/product\/mochila-anti-furto-com-segredo\/","title":{"rendered":"Mochila Anti-Furto com Segredo."},"content":{"rendered":"<pre id=\"item_referencia\">14185<\/pre>\n<p class=\"produto-nome\">Mochila anti-furto com cadeado de segredo. Material de poli\u00e9ster cinza, tem a parte frontal \u00e0 prova d\u2019\u00e1gua (respingos). Compartimento principal com bolso para notebook e bolso de tela, parte externa com cadeado de segredo para trava dos z\u00edperes; bolso m\u00e9dio com pequenas divis\u00f3rias e bolso frontal com fita reflexiva. Possui entrada para fone de ouvido, suporte com entrada USB na parte externa e cabo USB acoplado internamente; permitindo a conex\u00e3o de um carregador port\u00e1til na \u00e1rea interna e a conex\u00e3o de um eletr\u00f4nico na \u00e1rea externa, viabilizando a carga e utiliza\u00e7\u00e3o do eletr\u00f4nico enquanto caminha. Al\u00e7as para as costas ajust\u00e1veis revestidas com espuma para um maior conforto, al\u00e7a para m\u00e3os em metal e al\u00e7a horizontal para encaixe em malas de viagem. Utiliza\u00e7\u00e3o do cadeado: para criar um segredo pressione e segure o bot\u00e3o, crie a numera\u00e7\u00e3o desejada e em seguida solte o bot\u00e3o para assumir a codifica\u00e7\u00e3o criada, repita o mesmo processo sempre que necessitar fazer alguma altera\u00e7\u00e3o.<\/p>\n<div class=\"caracs\">\n<div class=\"desc\">\n<p class=\"desc-tit\">Altura<span class=\"desc-sub\">\u00a0:\u00a0 46 cm<\/span><\/p>\n<\/div>\n<div class=\"desc\">\n<p class=\"desc-tit\">Largura<span class=\"desc-sub\">\u00a0:\u00a0 31,5 cm<\/span><\/p>\n<\/div>\n<div class=\"desc\">\n<p class=\"desc-tit\">Profundidade<span class=\"desc-sub\">\u00a0:\u00a0 19 cm<\/span><\/p>\n<\/div>\n<div class=\"desc\">\n<p class=\"desc-tit\">Medidas aproximadas para grava\u00e7\u00e3o<span class=\"desc-sub\">\u00a0(CxL):\u00a0 9,8 cm x 22,5 cm<\/span><\/p>\n<\/div>\n<div class=\"desc\">\n<p class=\"desc-tit\">Peso aproximado<span class=\"desc-sub\">\u00a0(g):\u00a0 678<\/span><\/p>\n<\/div>\n<\/div>\n","protected":false},"excerpt":{"rendered":"<p>14185 Mochila anti-furto com cadeado de segredo. Material de poli\u00e9ster cinza, tem a parte frontal \u00e0 prova d\u2019\u00e1gua (respingos). Compartimento principal com bolso para notebook e<span class=\"excerpt-hellip\"> [\u2026]<\/span><\/p>\n","protected":false},"featured_media":840,"comment_status":"open","ping_status":"closed","template":"","meta":[],"product_cat":[171],"product_tag":[183,295,296,292,180],"class_list":["post-4171","product","type-product","status-publish","has-post-thumbnail","hentry","product_cat-mochilas-e-malas","product_tag-mochila","product_tag-mochila-anti-furto-com-segredo","product_tag-mochila-com-cadeado","product_tag-mochila-com-logo","product_tag-mochila-executiva"],"_links":{"self":[{"href":"https:\/\/vohnabrindes.com.br\/index.php\/wp-json\/wp\/v2\/product\/4171","targetHints":{"allow":["GET"]}}],"collection":[{"href":"https:\/\/vohnabrindes.com.br\/index.php\/wp-json\/wp\/v2\/product"}],"about":[{"href":"https:\/\/vohnabrindes.com.br\/index.php\/wp-json\/wp\/v2\/types\/product"}],"replies":[{"embeddable":true,"href":"https:\/\/vohnabrindes.com.br\/index.php\/wp-json\/wp\/v2\/comments?post=4171"}],"version-history":[{"count":1,"href":"https:\/\/vohnabrindes.com.br\/index.php\/wp-json\/wp\/v2\/product\/4171\/revisions"}],"predecessor-version":[{"id":4201,"href":"https:\/\/vohnabrindes.com.br\/index.php\/wp-json\/wp\/v2\/product\/4171\/revisions\/4201"}],"wp:featuredmedia":[{"embeddable":true,"href":"https:\/\/vohnabrindes.com.br\/index.php\/wp-json\/wp\/v2\/media\/840"}],"wp:attachment":[{"href":"https:\/\/vohnabrindes.com.br\/index.php\/wp-json\/wp\/v2\/media?parent=4171"}],"wp:term":[{"taxonomy":"product_cat","embeddable":true,"href":"https:\/\/vohnabrindes.com.br\/index.php\/wp-json\/wp\/v2\/product_cat?post=4171"},{"taxonomy":"product_tag","embeddable":true,"href":"https:\/\/vohnabrindes.com.br\/index.php\/wp-json\/wp\/v2\/product_tag?post=4171"}],"curies":[{"name":"wp","href":"https:\/\/api.w.org\/{rel}","templated":true}]}}