{"id":4296,"date":"2025-05-30T21:38:42","date_gmt":"2025-05-31T00:38:42","guid":{"rendered":"https:\/\/vohnabrindes.com.br\/?post_type=product&#038;p=4296"},"modified":"2025-05-30T21:38:44","modified_gmt":"2025-05-31T00:38:44","slug":"copo-de-viagem-termico-personalizado-6","status":"publish","type":"product","link":"https:\/\/vohnabrindes.com.br\/index.php\/product\/copo-de-viagem-termico-personalizado-6\/","title":{"rendered":"Copo de viagem (t\u00e9rmico) personalizado."},"content":{"rendered":"<div class=\"ref\">94678-HYGGE.<\/div>\n<div class=\"ref\">Copo de viagem (t\u00e9rmico) personalizado.<\/div>\n<div class=\"texto\">Copo de viagem com corpo duplo isolado a v\u00e1cuo em a\u00e7o inox e acabamento matt (t\u00e9rmico).<\/div>\n<div class=\"texto\">Capacidade at\u00e9 400 mL. Certifica\u00e7\u00e3o EU Food Grade.<\/div>\n<div class=\"texto\">Preserva as bebidas quentes por 6h e frias por 8h. Fornecido em caixa. \u00f888 x 112 mm<\/div>\n","protected":false},"excerpt":{"rendered":"<p>94678-HYGGE. Copo de viagem (t\u00e9rmico) personalizado. Copo de viagem com corpo duplo isolado a v\u00e1cuo em a\u00e7o inox e acabamento matt (t\u00e9rmico). Capacidade at\u00e9 400 mL.<span class=\"excerpt-hellip\"> [\u2026]<\/span><\/p>\n","protected":false},"featured_media":1042,"comment_status":"open","ping_status":"closed","template":"","meta":[],"product_cat":[135],"product_tag":[355,137,139],"class_list":["post-4296","product","type-product","status-publish","has-post-thumbnail","hentry","product_cat-canecas-e-copos","product_tag-copo-de-viagem-termico-personalizado","product_tag-copo-termico","product_tag-copo-termico-personalizado"],"_links":{"self":[{"href":"https:\/\/vohnabrindes.com.br\/index.php\/wp-json\/wp\/v2\/product\/4296","targetHints":{"allow":["GET"]}}],"collection":[{"href":"https:\/\/vohnabrindes.com.br\/index.php\/wp-json\/wp\/v2\/product"}],"about":[{"href":"https:\/\/vohnabrindes.com.br\/index.php\/wp-json\/wp\/v2\/types\/product"}],"replies":[{"embeddable":true,"href":"https:\/\/vohnabrindes.com.br\/index.php\/wp-json\/wp\/v2\/comments?post=4296"}],"version-history":[{"count":1,"href":"https:\/\/vohnabrindes.com.br\/index.php\/wp-json\/wp\/v2\/product\/4296\/revisions"}],"predecessor-version":[{"id":4326,"href":"https:\/\/vohnabrindes.com.br\/index.php\/wp-json\/wp\/v2\/product\/4296\/revisions\/4326"}],"wp:featuredmedia":[{"embeddable":true,"href":"https:\/\/vohnabrindes.com.br\/index.php\/wp-json\/wp\/v2\/media\/1042"}],"wp:attachment":[{"href":"https:\/\/vohnabrindes.com.br\/index.php\/wp-json\/wp\/v2\/media?parent=4296"}],"wp:term":[{"taxonomy":"product_cat","embeddable":true,"href":"https:\/\/vohnabrindes.com.br\/index.php\/wp-json\/wp\/v2\/product_cat?post=4296"},{"taxonomy":"product_tag","embeddable":true,"href":"https:\/\/vohnabrindes.com.br\/index.php\/wp-json\/wp\/v2\/product_tag?post=4296"}],"curies":[{"name":"wp","href":"https:\/\/api.w.org\/{rel}","templated":true}]}}