{"id":4311,"date":"2025-05-30T21:38:43","date_gmt":"2025-05-31T00:38:43","guid":{"rendered":"https:\/\/vohnabrindes.com.br\/?post_type=product&#038;p=4311"},"modified":"2025-05-30T21:38:45","modified_gmt":"2025-05-31T00:38:45","slug":"sacola-termica-flexivel-personalizada-2","status":"publish","type":"product","link":"https:\/\/vohnabrindes.com.br\/index.php\/product\/sacola-termica-flexivel-personalizada-2\/","title":{"rendered":"Sacola t\u00e9rmica flex\u00edvel personalizada."},"content":{"rendered":"<div class=\"ref\">98426-BASKIT.<\/div>\n<div class=\"ref\"><\/div>\n<div><\/div>\n<div class=\"texto\">Sacola t\u00e9rmica flex\u00edvel em 600D com z\u00edper duplo e interior forrado.<\/div>\n<div class=\"texto\">Estrutura remov\u00edvel em alum\u00ednio, com pega ergon\u00f4mica em EVA.<\/div>\n<div class=\"texto\">Capacidade at\u00e9 14 L. 460 x 270 x 250 mm<\/div>\n","protected":false},"excerpt":{"rendered":"<p>98426-BASKIT. Sacola t\u00e9rmica flex\u00edvel em 600D com z\u00edper duplo e interior forrado. Estrutura remov\u00edvel em alum\u00ednio, com pega ergon\u00f4mica em EVA. Capacidade at\u00e9 14 L. 460<span class=\"excerpt-hellip\"> [\u2026]<\/span><\/p>\n","protected":false},"featured_media":1080,"comment_status":"open","ping_status":"closed","template":"","meta":[],"product_cat":[145],"product_tag":[368,366],"class_list":["post-4311","product","type-product","status-publish","has-post-thumbnail","hentry","product_cat-bolsas-termicas-e-coolers","product_tag-sacola-termica-flexivel","product_tag-sacola-termica-personalizada"],"_links":{"self":[{"href":"https:\/\/vohnabrindes.com.br\/index.php\/wp-json\/wp\/v2\/product\/4311","targetHints":{"allow":["GET"]}}],"collection":[{"href":"https:\/\/vohnabrindes.com.br\/index.php\/wp-json\/wp\/v2\/product"}],"about":[{"href":"https:\/\/vohnabrindes.com.br\/index.php\/wp-json\/wp\/v2\/types\/product"}],"replies":[{"embeddable":true,"href":"https:\/\/vohnabrindes.com.br\/index.php\/wp-json\/wp\/v2\/comments?post=4311"}],"version-history":[{"count":1,"href":"https:\/\/vohnabrindes.com.br\/index.php\/wp-json\/wp\/v2\/product\/4311\/revisions"}],"predecessor-version":[{"id":4341,"href":"https:\/\/vohnabrindes.com.br\/index.php\/wp-json\/wp\/v2\/product\/4311\/revisions\/4341"}],"wp:featuredmedia":[{"embeddable":true,"href":"https:\/\/vohnabrindes.com.br\/index.php\/wp-json\/wp\/v2\/media\/1080"}],"wp:attachment":[{"href":"https:\/\/vohnabrindes.com.br\/index.php\/wp-json\/wp\/v2\/media?parent=4311"}],"wp:term":[{"taxonomy":"product_cat","embeddable":true,"href":"https:\/\/vohnabrindes.com.br\/index.php\/wp-json\/wp\/v2\/product_cat?post=4311"},{"taxonomy":"product_tag","embeddable":true,"href":"https:\/\/vohnabrindes.com.br\/index.php\/wp-json\/wp\/v2\/product_tag?post=4311"}],"curies":[{"name":"wp","href":"https:\/\/api.w.org\/{rel}","templated":true}]}}