{"id":4354,"date":"2025-05-30T21:38:46","date_gmt":"2025-05-31T00:38:46","guid":{"rendered":"https:\/\/vohnabrindes.com.br\/?post_type=product&#038;p=4354"},"modified":"2025-05-30T21:38:50","modified_gmt":"2025-05-31T00:38:50","slug":"caixa-de-som-a-prova-de-agua-personalizada","status":"publish","type":"product","link":"https:\/\/vohnabrindes.com.br\/index.php\/product\/caixa-de-som-a-prova-de-agua-personalizada\/","title":{"rendered":"Caixa de som \u00e0 prova de \u00e1gua personalizada"},"content":{"rendered":"<div class=\"ref\">\n<div class=\"ref\">97177-AVICENNA.<\/div>\n<div class=\"ref\">Caixa de som \u00e0 prova de \u00e1gua personalizada<\/div>\n<div class=\"texto\">Caixa de som em ABS 100% reciclado \u00e0 prova de \u00e1gua com classifica\u00e7\u00e3o IPX6. A capacidade da bateria \u00e9 de 2.600 mAh, com autonomia, aproximadamente, de 6h. A coluna tem transmiss\u00e3o BT 5.3, leitor microSD e entrada de \u00e1udio AUX. Incluso cabo de carregamento USB-C e cabo Jack 3.5 mm. Possibilidade de emparelhar duas caixas de som Avicenna para efeito stereo. Fornecido em caixa presente de papel kraft. 130 x 105 x 105 mm | Caixa: 110 x 140 x 110 mm<\/div>\n<\/div>\n","protected":false},"excerpt":{"rendered":"<p>97177-AVICENNA. Caixa de som \u00e0 prova de \u00e1gua personalizada Caixa de som em ABS 100% reciclado \u00e0 prova de \u00e1gua com classifica\u00e7\u00e3o IPX6. A capacidade da<span class=\"excerpt-hellip\"> [\u2026]<\/span><\/p>\n","protected":false},"featured_media":4384,"comment_status":"open","ping_status":"closed","template":"","meta":[],"product_cat":[377],"product_tag":[1222,380,378],"class_list":["post-4354","product","type-product","status-publish","has-post-thumbnail","hentry","product_cat-informatica-som-e-tecnologia","product_tag-caixa-de-som-a-prova-de-agua-personalizada","product_tag-caixa-de-som-com-microfone-personalizada","product_tag-caixa-de-som-personalizada"],"_links":{"self":[{"href":"https:\/\/vohnabrindes.com.br\/index.php\/wp-json\/wp\/v2\/product\/4354","targetHints":{"allow":["GET"]}}],"collection":[{"href":"https:\/\/vohnabrindes.com.br\/index.php\/wp-json\/wp\/v2\/product"}],"about":[{"href":"https:\/\/vohnabrindes.com.br\/index.php\/wp-json\/wp\/v2\/types\/product"}],"replies":[{"embeddable":true,"href":"https:\/\/vohnabrindes.com.br\/index.php\/wp-json\/wp\/v2\/comments?post=4354"}],"version-history":[{"count":1,"href":"https:\/\/vohnabrindes.com.br\/index.php\/wp-json\/wp\/v2\/product\/4354\/revisions"}],"predecessor-version":[{"id":4385,"href":"https:\/\/vohnabrindes.com.br\/index.php\/wp-json\/wp\/v2\/product\/4354\/revisions\/4385"}],"wp:featuredmedia":[{"embeddable":true,"href":"https:\/\/vohnabrindes.com.br\/index.php\/wp-json\/wp\/v2\/media\/4384"}],"wp:attachment":[{"href":"https:\/\/vohnabrindes.com.br\/index.php\/wp-json\/wp\/v2\/media?parent=4354"}],"wp:term":[{"taxonomy":"product_cat","embeddable":true,"href":"https:\/\/vohnabrindes.com.br\/index.php\/wp-json\/wp\/v2\/product_cat?post=4354"},{"taxonomy":"product_tag","embeddable":true,"href":"https:\/\/vohnabrindes.com.br\/index.php\/wp-json\/wp\/v2\/product_tag?post=4354"}],"curies":[{"name":"wp","href":"https:\/\/api.w.org\/{rel}","templated":true}]}}