{"id":4406,"date":"2025-05-30T21:38:51","date_gmt":"2025-05-31T00:38:51","guid":{"rendered":"https:\/\/vohnabrindes.com.br\/?post_type=product&#038;p=4406"},"modified":"2025-05-30T21:38:53","modified_gmt":"2025-05-31T00:38:53","slug":"mochila-saco-em-algodao-reciclado-personalizada","status":"publish","type":"product","link":"https:\/\/vohnabrindes.com.br\/index.php\/product\/mochila-saco-em-algodao-reciclado-personalizada\/","title":{"rendered":"Mochila saco\u00a0em algod\u00e3o reciclado personalizada."},"content":{"rendered":"<div class=\"ref\">92936-RISSANI.<\/div>\n<div class=\"ref\">Mochila saco\u00a0 em algod\u00e3o reciclado personalizada.<\/div>\n<div class=\"texto\">Sacola tipo mochila com algod\u00e3o reciclado (140 g\/m\u00b2), al\u00e7as de 30 cm e cord\u00f5es em algod\u00e3o para fechar. 370 x 410 mm<\/div>\n","protected":false},"excerpt":{"rendered":"<p>92936-RISSANI. Mochila saco\u00a0 em algod\u00e3o reciclado personalizada. Sacola tipo mochila com algod\u00e3o reciclado (140 g\/m\u00b2), al\u00e7as de 30 cm e cord\u00f5es em algod\u00e3o para fechar. 370<span class=\"excerpt-hellip\"> [\u2026]<\/span><\/p>\n","protected":false},"featured_media":1181,"comment_status":"open","ping_status":"closed","template":"","meta":[],"product_cat":[312],"product_tag":[403,316,401],"class_list":["post-4406","product","type-product","status-publish","has-post-thumbnail","hentry","product_cat-mochilas-saco-e-bolsas-esportivas","product_tag-mochila-saco-em-algodao-reciclado-personalizada","product_tag-mochila-saco-personalizada","product_tag-sacochila-personalizada"],"_links":{"self":[{"href":"https:\/\/vohnabrindes.com.br\/index.php\/wp-json\/wp\/v2\/product\/4406","targetHints":{"allow":["GET"]}}],"collection":[{"href":"https:\/\/vohnabrindes.com.br\/index.php\/wp-json\/wp\/v2\/product"}],"about":[{"href":"https:\/\/vohnabrindes.com.br\/index.php\/wp-json\/wp\/v2\/types\/product"}],"replies":[{"embeddable":true,"href":"https:\/\/vohnabrindes.com.br\/index.php\/wp-json\/wp\/v2\/comments?post=4406"}],"version-history":[{"count":1,"href":"https:\/\/vohnabrindes.com.br\/index.php\/wp-json\/wp\/v2\/product\/4406\/revisions"}],"predecessor-version":[{"id":4436,"href":"https:\/\/vohnabrindes.com.br\/index.php\/wp-json\/wp\/v2\/product\/4406\/revisions\/4436"}],"wp:featuredmedia":[{"embeddable":true,"href":"https:\/\/vohnabrindes.com.br\/index.php\/wp-json\/wp\/v2\/media\/1181"}],"wp:attachment":[{"href":"https:\/\/vohnabrindes.com.br\/index.php\/wp-json\/wp\/v2\/media?parent=4406"}],"wp:term":[{"taxonomy":"product_cat","embeddable":true,"href":"https:\/\/vohnabrindes.com.br\/index.php\/wp-json\/wp\/v2\/product_cat?post=4406"},{"taxonomy":"product_tag","embeddable":true,"href":"https:\/\/vohnabrindes.com.br\/index.php\/wp-json\/wp\/v2\/product_tag?post=4406"}],"curies":[{"name":"wp","href":"https:\/\/api.w.org\/{rel}","templated":true}]}}