{"id":4412,"date":"2025-05-30T21:38:52","date_gmt":"2025-05-31T00:38:52","guid":{"rendered":"https:\/\/vohnabrindes.com.br\/?post_type=product&#038;p=4412"},"modified":"2025-05-30T21:38:53","modified_gmt":"2025-05-31T00:38:53","slug":"mochila-saco-em-nylon-impermeavel-personalizada","status":"publish","type":"product","link":"https:\/\/vohnabrindes.com.br\/index.php\/product\/mochila-saco-em-nylon-impermeavel-personalizada\/","title":{"rendered":"Mochila Saco em nylon imperme\u00e1vel\u00a0 personalizada."},"content":{"rendered":"<p>Mochila Saco em nylon imperme\u00e1vel\u00a0 personalizada.<\/p>\n<p>com 2 al\u00e7as de m\u00e3o e costas.<\/p>\n<p>cor a escolher<\/p>\n<p>m\u00ednimo 100 pe\u00e7a s<\/p>\n","protected":false},"excerpt":{"rendered":"<p>Mochila Saco em nylon imperme\u00e1vel\u00a0 personalizada. com 2 al\u00e7as de m\u00e3o e costas. cor a escolher m\u00ednimo 100 pe\u00e7a s<\/p>\n","protected":false},"featured_media":1204,"comment_status":"open","ping_status":"closed","template":"","meta":[],"product_cat":[312],"product_tag":[183,410,411],"class_list":["post-4412","product","type-product","status-publish","has-post-thumbnail","hentry","product_cat-mochilas-saco-e-bolsas-esportivas","product_tag-mochila","product_tag-mochila-saco","product_tag-mochila-saco-em-nylon-impermeavel-personalizada"],"_links":{"self":[{"href":"https:\/\/vohnabrindes.com.br\/index.php\/wp-json\/wp\/v2\/product\/4412","targetHints":{"allow":["GET"]}}],"collection":[{"href":"https:\/\/vohnabrindes.com.br\/index.php\/wp-json\/wp\/v2\/product"}],"about":[{"href":"https:\/\/vohnabrindes.com.br\/index.php\/wp-json\/wp\/v2\/types\/product"}],"replies":[{"embeddable":true,"href":"https:\/\/vohnabrindes.com.br\/index.php\/wp-json\/wp\/v2\/comments?post=4412"}],"version-history":[{"count":1,"href":"https:\/\/vohnabrindes.com.br\/index.php\/wp-json\/wp\/v2\/product\/4412\/revisions"}],"predecessor-version":[{"id":4442,"href":"https:\/\/vohnabrindes.com.br\/index.php\/wp-json\/wp\/v2\/product\/4412\/revisions\/4442"}],"wp:featuredmedia":[{"embeddable":true,"href":"https:\/\/vohnabrindes.com.br\/index.php\/wp-json\/wp\/v2\/media\/1204"}],"wp:attachment":[{"href":"https:\/\/vohnabrindes.com.br\/index.php\/wp-json\/wp\/v2\/media?parent=4412"}],"wp:term":[{"taxonomy":"product_cat","embeddable":true,"href":"https:\/\/vohnabrindes.com.br\/index.php\/wp-json\/wp\/v2\/product_cat?post=4412"},{"taxonomy":"product_tag","embeddable":true,"href":"https:\/\/vohnabrindes.com.br\/index.php\/wp-json\/wp\/v2\/product_tag?post=4412"}],"curies":[{"name":"wp","href":"https:\/\/api.w.org\/{rel}","templated":true}]}}