{"id":4428,"date":"2025-05-30T21:38:52","date_gmt":"2025-05-31T00:38:52","guid":{"rendered":"https:\/\/vohnabrindes.com.br\/?post_type=product&#038;p=4428"},"modified":"2025-05-30T21:38:56","modified_gmt":"2025-05-31T00:38:56","slug":"garrafa-termica-400mls-em-bambu-personalizada","status":"publish","type":"product","link":"https:\/\/vohnabrindes.com.br\/index.php\/product\/garrafa-termica-400mls-em-bambu-personalizada\/","title":{"rendered":"Garrafa t\u00e9rmica 400mls em bambu personalizada."},"content":{"rendered":"<pre class=\"mb-3\">GA6900<\/pre>\n<div class=\"d-block\">\n<div>\n<p>Garrafa t\u00e9rmica em a\u00e7o inox com parede dupla isolada\u00a0a v\u00e1cuo com capacidade de at\u00e9 400 ml.<\/p>\n<p>Display LED com term\u00f4metro digital na tampa para indicar a temperatura do l\u00edquido.<\/p>\n<p>Com revestimento externo em fibra de bambu e infusor para ch\u00e1s. Conserva l\u00edquido quente por at\u00e9 12\u00a0horas e l\u00edquido frio at\u00e9\u00a018 horas.<\/p>\n<p><em>*A tonalidade da madeira pode sofrer altera\u00e7\u00e3o<\/em><\/p>\n<\/div>\n<\/div>\n","protected":false},"excerpt":{"rendered":"<p>GA6900 Garrafa t\u00e9rmica em a\u00e7o inox com parede dupla isolada\u00a0a v\u00e1cuo com capacidade de at\u00e9 400 ml. Display LED com term\u00f4metro digital na tampa para indicar<span class=\"excerpt-hellip\"> [\u2026]<\/span><\/p>\n","protected":false},"featured_media":1253,"comment_status":"open","ping_status":"closed","template":"","meta":[],"product_cat":[132,126],"product_tag":[424],"class_list":["post-4428","product","type-product","status-publish","has-post-thumbnail","hentry","product_cat-garrafas-termicas-e-kits","product_cat-linha-ecologica","product_tag-garrafa-termica-400mls-em-bambu-personalizada"],"_links":{"self":[{"href":"https:\/\/vohnabrindes.com.br\/index.php\/wp-json\/wp\/v2\/product\/4428","targetHints":{"allow":["GET"]}}],"collection":[{"href":"https:\/\/vohnabrindes.com.br\/index.php\/wp-json\/wp\/v2\/product"}],"about":[{"href":"https:\/\/vohnabrindes.com.br\/index.php\/wp-json\/wp\/v2\/types\/product"}],"replies":[{"embeddable":true,"href":"https:\/\/vohnabrindes.com.br\/index.php\/wp-json\/wp\/v2\/comments?post=4428"}],"version-history":[{"count":1,"href":"https:\/\/vohnabrindes.com.br\/index.php\/wp-json\/wp\/v2\/product\/4428\/revisions"}],"predecessor-version":[{"id":4459,"href":"https:\/\/vohnabrindes.com.br\/index.php\/wp-json\/wp\/v2\/product\/4428\/revisions\/4459"}],"wp:featuredmedia":[{"embeddable":true,"href":"https:\/\/vohnabrindes.com.br\/index.php\/wp-json\/wp\/v2\/media\/1253"}],"wp:attachment":[{"href":"https:\/\/vohnabrindes.com.br\/index.php\/wp-json\/wp\/v2\/media?parent=4428"}],"wp:term":[{"taxonomy":"product_cat","embeddable":true,"href":"https:\/\/vohnabrindes.com.br\/index.php\/wp-json\/wp\/v2\/product_cat?post=4428"},{"taxonomy":"product_tag","embeddable":true,"href":"https:\/\/vohnabrindes.com.br\/index.php\/wp-json\/wp\/v2\/product_tag?post=4428"}],"curies":[{"name":"wp","href":"https:\/\/api.w.org\/{rel}","templated":true}]}}