{"id":4534,"date":"2025-05-30T21:39:02","date_gmt":"2025-05-31T00:39:02","guid":{"rendered":"https:\/\/vohnabrindes.com.br\/?post_type=product&#038;p=4534"},"modified":"2025-05-30T21:39:04","modified_gmt":"2025-05-31T00:39:04","slug":"squeeze-metal-500-mls-com-mosquetao-personalizada","status":"publish","type":"product","link":"https:\/\/vohnabrindes.com.br\/index.php\/product\/squeeze-metal-500-mls-com-mosquetao-personalizada\/","title":{"rendered":"Squeeze metal 500 mls com mosquet\u00e3o personalizada."},"content":{"rendered":"<div class=\"ref\">94623-ERALD.<\/div>\n<div class=\"ref\"><\/div>\n<div class=\"texto\">Squeeze em alum\u00ednio com mosquet\u00e3o e capacidade at\u00e9 500 mL.<\/div>\n<div class=\"texto\">Certifica\u00e7\u00e3o EU Food Grade.<\/div>\n<div class=\"texto\">vendida sem caixas individuais<\/div>\n<div class=\"texto\">dimens\u00f5es. \u00f866 x 210 mm<\/div>\n","protected":false},"excerpt":{"rendered":"<p>94623-ERALD. Squeeze em alum\u00ednio com mosquet\u00e3o e capacidade at\u00e9 500 mL. Certifica\u00e7\u00e3o EU Food Grade. vendida sem caixas individuais dimens\u00f5es. \u00f866 x 210 mm<\/p>\n","protected":false},"featured_media":1383,"comment_status":"open","ping_status":"closed","template":"","meta":[],"product_cat":[129],"product_tag":[469,471,472],"class_list":["post-4534","product","type-product","status-publish","has-post-thumbnail","hentry","product_cat-garrafas-e-squeezes","product_tag-squeeze-500mls-personalizada","product_tag-squeeze-metal","product_tag-squeeze-metal-500-mls-com-mosquetao-personalizada"],"_links":{"self":[{"href":"https:\/\/vohnabrindes.com.br\/index.php\/wp-json\/wp\/v2\/product\/4534","targetHints":{"allow":["GET"]}}],"collection":[{"href":"https:\/\/vohnabrindes.com.br\/index.php\/wp-json\/wp\/v2\/product"}],"about":[{"href":"https:\/\/vohnabrindes.com.br\/index.php\/wp-json\/wp\/v2\/types\/product"}],"replies":[{"embeddable":true,"href":"https:\/\/vohnabrindes.com.br\/index.php\/wp-json\/wp\/v2\/comments?post=4534"}],"version-history":[{"count":1,"href":"https:\/\/vohnabrindes.com.br\/index.php\/wp-json\/wp\/v2\/product\/4534\/revisions"}],"predecessor-version":[{"id":4564,"href":"https:\/\/vohnabrindes.com.br\/index.php\/wp-json\/wp\/v2\/product\/4534\/revisions\/4564"}],"wp:featuredmedia":[{"embeddable":true,"href":"https:\/\/vohnabrindes.com.br\/index.php\/wp-json\/wp\/v2\/media\/1383"}],"wp:attachment":[{"href":"https:\/\/vohnabrindes.com.br\/index.php\/wp-json\/wp\/v2\/media?parent=4534"}],"wp:term":[{"taxonomy":"product_cat","embeddable":true,"href":"https:\/\/vohnabrindes.com.br\/index.php\/wp-json\/wp\/v2\/product_cat?post=4534"},{"taxonomy":"product_tag","embeddable":true,"href":"https:\/\/vohnabrindes.com.br\/index.php\/wp-json\/wp\/v2\/product_tag?post=4534"}],"curies":[{"name":"wp","href":"https:\/\/api.w.org\/{rel}","templated":true}]}}