{"id":4548,"date":"2025-05-30T21:39:03","date_gmt":"2025-05-31T00:39:03","guid":{"rendered":"https:\/\/vohnabrindes.com.br\/?post_type=product&#038;p=4548"},"modified":"2025-05-30T21:39:05","modified_gmt":"2025-05-31T00:39:05","slug":"squeeze-500-ml-plastico-personalizado","status":"publish","type":"product","link":"https:\/\/vohnabrindes.com.br\/index.php\/product\/squeeze-500-ml-plastico-personalizado\/","title":{"rendered":"Squeeze 500 mL pl\u00e1stico personalizado."},"content":{"rendered":"<div class=\"ref\">94621-CONLEY.<\/div>\n<div class=\"ref\">Squeeze 500 mL pl\u00e1stico personalizado.<\/div>\n<div class=\"texto\">Squeeze em PS com tampa em PE com bico de canudo flex\u00edvel (no interior) e de abertura f\u00e1cil.<\/div>\n<div class=\"texto\">Capacidade at\u00e9 500 mL. Certifica\u00e7\u00e3o EU Food Grade. Caixa branca 94651 vendida opcionalmente. \u00f870 x 230 mm<\/div>\n","protected":false},"excerpt":{"rendered":"<p>94621-CONLEY. Squeeze 500 mL pl\u00e1stico personalizado. Squeeze em PS com tampa em PE com bico de canudo flex\u00edvel (no interior) e de abertura f\u00e1cil. Capacidade at\u00e9<span class=\"excerpt-hellip\"> [\u2026]<\/span><\/p>\n","protected":false},"featured_media":1429,"comment_status":"open","ping_status":"closed","template":"","meta":[],"product_cat":[129],"product_tag":[491,131],"class_list":["post-4548","product","type-product","status-publish","has-post-thumbnail","hentry","product_cat-garrafas-e-squeezes","product_tag-squeeze-500-ml-plastico-personalizado","product_tag-squeeze-plastico"],"_links":{"self":[{"href":"https:\/\/vohnabrindes.com.br\/index.php\/wp-json\/wp\/v2\/product\/4548","targetHints":{"allow":["GET"]}}],"collection":[{"href":"https:\/\/vohnabrindes.com.br\/index.php\/wp-json\/wp\/v2\/product"}],"about":[{"href":"https:\/\/vohnabrindes.com.br\/index.php\/wp-json\/wp\/v2\/types\/product"}],"replies":[{"embeddable":true,"href":"https:\/\/vohnabrindes.com.br\/index.php\/wp-json\/wp\/v2\/comments?post=4548"}],"version-history":[{"count":1,"href":"https:\/\/vohnabrindes.com.br\/index.php\/wp-json\/wp\/v2\/product\/4548\/revisions"}],"predecessor-version":[{"id":4578,"href":"https:\/\/vohnabrindes.com.br\/index.php\/wp-json\/wp\/v2\/product\/4548\/revisions\/4578"}],"wp:featuredmedia":[{"embeddable":true,"href":"https:\/\/vohnabrindes.com.br\/index.php\/wp-json\/wp\/v2\/media\/1429"}],"wp:attachment":[{"href":"https:\/\/vohnabrindes.com.br\/index.php\/wp-json\/wp\/v2\/media?parent=4548"}],"wp:term":[{"taxonomy":"product_cat","embeddable":true,"href":"https:\/\/vohnabrindes.com.br\/index.php\/wp-json\/wp\/v2\/product_cat?post=4548"},{"taxonomy":"product_tag","embeddable":true,"href":"https:\/\/vohnabrindes.com.br\/index.php\/wp-json\/wp\/v2\/product_tag?post=4548"}],"curies":[{"name":"wp","href":"https:\/\/api.w.org\/{rel}","templated":true}]}}