{"id":4649,"date":"2025-05-30T21:39:10","date_gmt":"2025-05-31T00:39:10","guid":{"rendered":"https:\/\/vohnabrindes.com.br\/?post_type=product&#038;p=4649"},"modified":"2025-05-30T21:39:11","modified_gmt":"2025-05-31T00:39:11","slug":"caneta-roller-em-aluminio-personalizada","status":"publish","type":"product","link":"https:\/\/vohnabrindes.com.br\/index.php\/product\/caneta-roller-em-aluminio-personalizada\/","title":{"rendered":"Caneta Roller em alum\u00ednio personalizada."},"content":{"rendered":"<div class=\"ref\">81157-ALVA.<\/div>\n<div class=\"ref\">Caneta Roller em alum\u00ednio personalizada.<\/div>\n<div class=\"texto\">Roller em alum\u00ednio com clipe acabamento emborracha.<\/div>\n<div class=\"texto\">Dispon\u00edvel em v\u00e1rias cores.<\/div>\n<div class=\"texto\">Escrita em preto.<\/div>\n","protected":false},"excerpt":{"rendered":"<p>81157-ALVA. Caneta Roller em alum\u00ednio personalizada. Roller em alum\u00ednio com clipe acabamento emborracha. Dispon\u00edvel em v\u00e1rias cores. Escrita em preto.<\/p>\n","protected":false},"featured_media":1545,"comment_status":"open","ping_status":"closed","template":"","meta":[],"product_cat":[530],"product_tag":[543,532,544,545],"class_list":["post-4649","product","type-product","status-publish","has-post-thumbnail","hentry","product_cat-canetas-de-metal","product_tag-caneta-com-tampa-personalizada","product_tag-caneta-metal-personalizada","product_tag-caneta-roller","product_tag-caneta-roller-em-aluminio-personalizada"],"_links":{"self":[{"href":"https:\/\/vohnabrindes.com.br\/index.php\/wp-json\/wp\/v2\/product\/4649","targetHints":{"allow":["GET"]}}],"collection":[{"href":"https:\/\/vohnabrindes.com.br\/index.php\/wp-json\/wp\/v2\/product"}],"about":[{"href":"https:\/\/vohnabrindes.com.br\/index.php\/wp-json\/wp\/v2\/types\/product"}],"replies":[{"embeddable":true,"href":"https:\/\/vohnabrindes.com.br\/index.php\/wp-json\/wp\/v2\/comments?post=4649"}],"version-history":[{"count":1,"href":"https:\/\/vohnabrindes.com.br\/index.php\/wp-json\/wp\/v2\/product\/4649\/revisions"}],"predecessor-version":[{"id":4679,"href":"https:\/\/vohnabrindes.com.br\/index.php\/wp-json\/wp\/v2\/product\/4649\/revisions\/4679"}],"wp:featuredmedia":[{"embeddable":true,"href":"https:\/\/vohnabrindes.com.br\/index.php\/wp-json\/wp\/v2\/media\/1545"}],"wp:attachment":[{"href":"https:\/\/vohnabrindes.com.br\/index.php\/wp-json\/wp\/v2\/media?parent=4649"}],"wp:term":[{"taxonomy":"product_cat","embeddable":true,"href":"https:\/\/vohnabrindes.com.br\/index.php\/wp-json\/wp\/v2\/product_cat?post=4649"},{"taxonomy":"product_tag","embeddable":true,"href":"https:\/\/vohnabrindes.com.br\/index.php\/wp-json\/wp\/v2\/product_tag?post=4649"}],"curies":[{"name":"wp","href":"https:\/\/api.w.org\/{rel}","templated":true}]}}