{"id":4664,"date":"2025-05-30T21:39:11","date_gmt":"2025-05-31T00:39:11","guid":{"rendered":"https:\/\/vohnabrindes.com.br\/?post_type=product&#038;p=4664"},"modified":"2025-05-30T21:39:13","modified_gmt":"2025-05-31T00:39:13","slug":"kit-para-churrasco-luxo-personalizado","status":"publish","type":"product","link":"https:\/\/vohnabrindes.com.br\/index.php\/product\/kit-para-churrasco-luxo-personalizado\/","title":{"rendered":"Kit para churrasco luxo personalizado."},"content":{"rendered":"<h6 class=\"fc-azul ff-opensans no-margin\">Kit Para Churrasco Com Copos &#8211; 5 P\u00e7s<\/h6>\n<h5>Kit para churrasco. Conta com t\u00e1bua em bambu; duas ta\u00e7as em vidro para cerveja; faca 7&#8243; e garfo trinchante em madeira\/inox.KT-9044W<\/h5>\n","protected":false},"excerpt":{"rendered":"<p>Kit Para Churrasco Com Copos &#8211; 5 P\u00e7s Kit para churrasco. Conta com t\u00e1bua em bambu; duas ta\u00e7as em vidro para cerveja; faca 7&#8243; e garfo<span class=\"excerpt-hellip\"> [\u2026]<\/span><\/p>\n","protected":false},"featured_media":1592,"comment_status":"open","ping_status":"closed","template":"","meta":[],"product_cat":[274,448,275],"product_tag":[266,267,567],"class_list":["post-4664","product","type-product","status-publish","has-post-thumbnail","hentry","product_cat-kit-churrasco","product_cat-kit-vinho-bar-e-comemoracao","product_cat-linha-gourmet","product_tag-kit-churrasco-luxo","product_tag-kit-churrasco-personalizado","product_tag-kit-para-churrasco-luxo-personalizado"],"_links":{"self":[{"href":"https:\/\/vohnabrindes.com.br\/index.php\/wp-json\/wp\/v2\/product\/4664","targetHints":{"allow":["GET"]}}],"collection":[{"href":"https:\/\/vohnabrindes.com.br\/index.php\/wp-json\/wp\/v2\/product"}],"about":[{"href":"https:\/\/vohnabrindes.com.br\/index.php\/wp-json\/wp\/v2\/types\/product"}],"replies":[{"embeddable":true,"href":"https:\/\/vohnabrindes.com.br\/index.php\/wp-json\/wp\/v2\/comments?post=4664"}],"version-history":[{"count":1,"href":"https:\/\/vohnabrindes.com.br\/index.php\/wp-json\/wp\/v2\/product\/4664\/revisions"}],"predecessor-version":[{"id":4694,"href":"https:\/\/vohnabrindes.com.br\/index.php\/wp-json\/wp\/v2\/product\/4664\/revisions\/4694"}],"wp:featuredmedia":[{"embeddable":true,"href":"https:\/\/vohnabrindes.com.br\/index.php\/wp-json\/wp\/v2\/media\/1592"}],"wp:attachment":[{"href":"https:\/\/vohnabrindes.com.br\/index.php\/wp-json\/wp\/v2\/media?parent=4664"}],"wp:term":[{"taxonomy":"product_cat","embeddable":true,"href":"https:\/\/vohnabrindes.com.br\/index.php\/wp-json\/wp\/v2\/product_cat?post=4664"},{"taxonomy":"product_tag","embeddable":true,"href":"https:\/\/vohnabrindes.com.br\/index.php\/wp-json\/wp\/v2\/product_tag?post=4664"}],"curies":[{"name":"wp","href":"https:\/\/api.w.org\/{rel}","templated":true}]}}