{"id":4672,"date":"2025-05-30T21:39:11","date_gmt":"2025-05-31T00:39:11","guid":{"rendered":"https:\/\/vohnabrindes.com.br\/?post_type=product&#038;p=4672"},"modified":"2025-05-30T21:39:13","modified_gmt":"2025-05-31T00:39:13","slug":"kit-churrasco-personalizado-2","status":"publish","type":"product","link":"https:\/\/vohnabrindes.com.br\/index.php\/product\/kit-churrasco-personalizado-2\/","title":{"rendered":"Kit churrasco personalizado."},"content":{"rendered":"<div class=\"ref\">94140-ALIOLI KING.<\/div>\n<div><\/div>\n<div class=\"ref\">Kit churrasco personalizado.<\/div>\n<div class=\"texto\">Kit churrasco em caixa kraft.<\/div>\n<div class=\"texto\">Composto por 4 pe\u00e7as em a\u00e7o inox e bambu: faca chefe, faca japonesa, garfo e pin\u00e7a.<\/div>\n<div class=\"texto\">Pr\u00f3prio para contato com alimento. Caixa: 365 x 200 x 55 mm<\/div>\n","protected":false},"excerpt":{"rendered":"<p>94140-ALIOLI KING. Kit churrasco personalizado. Kit churrasco em caixa kraft. Composto por 4 pe\u00e7as em a\u00e7o inox e bambu: faca chefe, faca japonesa, garfo e pin\u00e7a.<span class=\"excerpt-hellip\"> [\u2026]<\/span><\/p>\n","protected":false},"featured_media":1620,"comment_status":"open","ping_status":"closed","template":"","meta":[],"product_cat":[274],"product_tag":[264,569,267],"class_list":["post-4672","product","type-product","status-publish","has-post-thumbnail","hentry","product_cat-kit-churrasco","product_tag-kit-churrasco","product_tag-kit-churrasco-4-pecas-personalizado","product_tag-kit-churrasco-personalizado"],"_links":{"self":[{"href":"https:\/\/vohnabrindes.com.br\/index.php\/wp-json\/wp\/v2\/product\/4672","targetHints":{"allow":["GET"]}}],"collection":[{"href":"https:\/\/vohnabrindes.com.br\/index.php\/wp-json\/wp\/v2\/product"}],"about":[{"href":"https:\/\/vohnabrindes.com.br\/index.php\/wp-json\/wp\/v2\/types\/product"}],"replies":[{"embeddable":true,"href":"https:\/\/vohnabrindes.com.br\/index.php\/wp-json\/wp\/v2\/comments?post=4672"}],"version-history":[{"count":1,"href":"https:\/\/vohnabrindes.com.br\/index.php\/wp-json\/wp\/v2\/product\/4672\/revisions"}],"predecessor-version":[{"id":4702,"href":"https:\/\/vohnabrindes.com.br\/index.php\/wp-json\/wp\/v2\/product\/4672\/revisions\/4702"}],"wp:featuredmedia":[{"embeddable":true,"href":"https:\/\/vohnabrindes.com.br\/index.php\/wp-json\/wp\/v2\/media\/1620"}],"wp:attachment":[{"href":"https:\/\/vohnabrindes.com.br\/index.php\/wp-json\/wp\/v2\/media?parent=4672"}],"wp:term":[{"taxonomy":"product_cat","embeddable":true,"href":"https:\/\/vohnabrindes.com.br\/index.php\/wp-json\/wp\/v2\/product_cat?post=4672"},{"taxonomy":"product_tag","embeddable":true,"href":"https:\/\/vohnabrindes.com.br\/index.php\/wp-json\/wp\/v2\/product_tag?post=4672"}],"curies":[{"name":"wp","href":"https:\/\/api.w.org\/{rel}","templated":true}]}}