{"id":4706,"date":"2025-05-30T21:39:14","date_gmt":"2025-05-31T00:39:14","guid":{"rendered":"https:\/\/vohnabrindes.com.br\/?post_type=product&#038;p=4706"},"modified":"2025-05-30T21:39:15","modified_gmt":"2025-05-31T00:39:15","slug":"kit-churrasco-personalizado-3","status":"publish","type":"product","link":"https:\/\/vohnabrindes.com.br\/index.php\/product\/kit-churrasco-personalizado-3\/","title":{"rendered":"Kit churrasco personalizado."},"content":{"rendered":"<div class=\"ref\">94144-BOTALY.<\/div>\n<div class=\"ref\">Kit churrasco 6 pe\u00e7as\u00a0 personalizado.<\/div>\n<div class=\"texto\">Kit churrasco em estojo de nylon 210D.<\/div>\n<div class=\"texto\">Composto por t\u00e1bua em PP e 5 utens\u00edlios em a\u00e7o inox e PP: faca chefe, faca boning, faca pequena, garfo e afiador. Pr\u00f3prio para contato com alimento.<\/div>\n<div class=\"texto\">Estojo: 350 x 230 x 40 mm | T\u00e1bua: 283 x 192 x 5 mm<\/div>\n","protected":false},"excerpt":{"rendered":"<p>94144-BOTALY. Kit churrasco 6 pe\u00e7as\u00a0 personalizado. Kit churrasco em estojo de nylon 210D. Composto por t\u00e1bua em PP e 5 utens\u00edlios em a\u00e7o inox e PP:<span class=\"excerpt-hellip\"> [\u2026]<\/span><\/p>\n","protected":false},"featured_media":1631,"comment_status":"open","ping_status":"closed","template":"","meta":[],"product_cat":[274],"product_tag":[264,267],"class_list":["post-4706","product","type-product","status-publish","has-post-thumbnail","hentry","product_cat-kit-churrasco","product_tag-kit-churrasco","product_tag-kit-churrasco-personalizado"],"_links":{"self":[{"href":"https:\/\/vohnabrindes.com.br\/index.php\/wp-json\/wp\/v2\/product\/4706","targetHints":{"allow":["GET"]}}],"collection":[{"href":"https:\/\/vohnabrindes.com.br\/index.php\/wp-json\/wp\/v2\/product"}],"about":[{"href":"https:\/\/vohnabrindes.com.br\/index.php\/wp-json\/wp\/v2\/types\/product"}],"replies":[{"embeddable":true,"href":"https:\/\/vohnabrindes.com.br\/index.php\/wp-json\/wp\/v2\/comments?post=4706"}],"version-history":[{"count":1,"href":"https:\/\/vohnabrindes.com.br\/index.php\/wp-json\/wp\/v2\/product\/4706\/revisions"}],"predecessor-version":[{"id":4736,"href":"https:\/\/vohnabrindes.com.br\/index.php\/wp-json\/wp\/v2\/product\/4706\/revisions\/4736"}],"wp:featuredmedia":[{"embeddable":true,"href":"https:\/\/vohnabrindes.com.br\/index.php\/wp-json\/wp\/v2\/media\/1631"}],"wp:attachment":[{"href":"https:\/\/vohnabrindes.com.br\/index.php\/wp-json\/wp\/v2\/media?parent=4706"}],"wp:term":[{"taxonomy":"product_cat","embeddable":true,"href":"https:\/\/vohnabrindes.com.br\/index.php\/wp-json\/wp\/v2\/product_cat?post=4706"},{"taxonomy":"product_tag","embeddable":true,"href":"https:\/\/vohnabrindes.com.br\/index.php\/wp-json\/wp\/v2\/product_tag?post=4706"}],"curies":[{"name":"wp","href":"https:\/\/api.w.org\/{rel}","templated":true}]}}