{"id":4709,"date":"2025-05-30T21:39:14","date_gmt":"2025-05-31T00:39:14","guid":{"rendered":"https:\/\/vohnabrindes.com.br\/?post_type=product&#038;p=4709"},"modified":"2025-05-30T21:39:15","modified_gmt":"2025-05-31T00:39:15","slug":"kit-churrasco-personalizado-3-pecas","status":"publish","type":"product","link":"https:\/\/vohnabrindes.com.br\/index.php\/product\/kit-churrasco-personalizado-3-pecas\/","title":{"rendered":"Kit churrasco personalizado 3 pe\u00e7as."},"content":{"rendered":"<h6 class=\"fc-azul ff-opensans no-margin\">Kit churrasco personalizado 3 pe\u00e7as<\/p>\n<p>Conjunto Para Churrasco Em Bambu \/ Inox \/ Madeira &#8211; 3 P\u00e7s.<\/h6>\n<h6>Kit para churrasco; Conta com t\u00e1bua em Bambu; Faca 7&#8243; e garfo em a\u00e7o Inox\/Madeira. T\u00e1bua confeccionada com tripla camada invertida, para dar maior durabilidade e n\u00e3o deformar com o passar do tempo. Como cortesia, na faca 7&#8243; fazemos uma grava\u00e7\u00e3o com os cortes do boi.<\/h6>\n<pre class=\"fc-cinza4 ff-nunito fw-semibold texto-upper no-margin\">MX-19066<\/pre>\n","protected":false},"excerpt":{"rendered":"<p>Kit churrasco personalizado 3 pe\u00e7as Conjunto Para Churrasco Em Bambu \/ Inox \/ Madeira &#8211; 3 P\u00e7s. Kit para churrasco; Conta com t\u00e1bua em Bambu; Faca<span class=\"excerpt-hellip\"> [\u2026]<\/span><\/p>\n","protected":false},"featured_media":1637,"comment_status":"open","ping_status":"closed","template":"","meta":[],"product_cat":[274],"product_tag":[264,267,576],"class_list":["post-4709","product","type-product","status-publish","has-post-thumbnail","hentry","product_cat-kit-churrasco","product_tag-kit-churrasco","product_tag-kit-churrasco-personalizado","product_tag-kit-churrasco-personalizado-3-pecas"],"_links":{"self":[{"href":"https:\/\/vohnabrindes.com.br\/index.php\/wp-json\/wp\/v2\/product\/4709","targetHints":{"allow":["GET"]}}],"collection":[{"href":"https:\/\/vohnabrindes.com.br\/index.php\/wp-json\/wp\/v2\/product"}],"about":[{"href":"https:\/\/vohnabrindes.com.br\/index.php\/wp-json\/wp\/v2\/types\/product"}],"replies":[{"embeddable":true,"href":"https:\/\/vohnabrindes.com.br\/index.php\/wp-json\/wp\/v2\/comments?post=4709"}],"version-history":[{"count":1,"href":"https:\/\/vohnabrindes.com.br\/index.php\/wp-json\/wp\/v2\/product\/4709\/revisions"}],"predecessor-version":[{"id":4739,"href":"https:\/\/vohnabrindes.com.br\/index.php\/wp-json\/wp\/v2\/product\/4709\/revisions\/4739"}],"wp:featuredmedia":[{"embeddable":true,"href":"https:\/\/vohnabrindes.com.br\/index.php\/wp-json\/wp\/v2\/media\/1637"}],"wp:attachment":[{"href":"https:\/\/vohnabrindes.com.br\/index.php\/wp-json\/wp\/v2\/media?parent=4709"}],"wp:term":[{"taxonomy":"product_cat","embeddable":true,"href":"https:\/\/vohnabrindes.com.br\/index.php\/wp-json\/wp\/v2\/product_cat?post=4709"},{"taxonomy":"product_tag","embeddable":true,"href":"https:\/\/vohnabrindes.com.br\/index.php\/wp-json\/wp\/v2\/product_tag?post=4709"}],"curies":[{"name":"wp","href":"https:\/\/api.w.org\/{rel}","templated":true}]}}