{"id":4717,"date":"2025-05-30T21:39:14","date_gmt":"2025-05-31T00:39:14","guid":{"rendered":"https:\/\/vohnabrindes.com.br\/?post_type=product&#038;p=4717"},"modified":"2026-03-03T16:30:20","modified_gmt":"2026-03-03T19:30:20","slug":"kit-petisco-e-champagne-personalizado","status":"publish","type":"product","link":"https:\/\/vohnabrindes.com.br\/index.php\/product\/kit-petisco-e-champagne-personalizado\/","title":{"rendered":"Necessaire personalizada."},"content":{"rendered":"<div class=\"sku\">\n<pre class=\"products-main-title text-2xl uppercase\">NE107<\/pre>\n<\/div>\n<h2 class=\"title\"><span style=\"font-size: 14px;\">N\u00e9cessaire em poli\u00e9ster 300D, compartimento frontal com z\u00edper, possui al\u00e7a de m\u00e3o.<\/span><\/h2>\n<p><strong>Dimens\u00e3o Produto:<\/strong>17&#215;25,4&#215;8,5cm (AxLxP)<\/p>\n<p><strong>Peso do Produto:<\/strong>0,110kg<\/p>\n<p><strong>Volume:<\/strong>3L<\/p>\n","protected":false},"excerpt":{"rendered":"<p>NE107 N\u00e9cessaire em poli\u00e9ster 300D, compartimento frontal com z\u00edper, possui al\u00e7a de m\u00e3o. Dimens\u00e3o Produto:17&#215;25,4&#215;8,5cm (AxLxP) Peso do Produto:0,110kg Volume:3L<\/p>\n","protected":false},"featured_media":6084,"comment_status":"closed","ping_status":"closed","template":"","meta":[],"product_cat":[783],"product_tag":[790,786],"class_list":["post-4717","product","type-product","status-publish","has-post-thumbnail","hentry","product_cat-necessaires","product_tag-necessaire-com-logo","product_tag-necessaire-personalizada"],"_links":{"self":[{"href":"https:\/\/vohnabrindes.com.br\/index.php\/wp-json\/wp\/v2\/product\/4717","targetHints":{"allow":["GET"]}}],"collection":[{"href":"https:\/\/vohnabrindes.com.br\/index.php\/wp-json\/wp\/v2\/product"}],"about":[{"href":"https:\/\/vohnabrindes.com.br\/index.php\/wp-json\/wp\/v2\/types\/product"}],"replies":[{"embeddable":true,"href":"https:\/\/vohnabrindes.com.br\/index.php\/wp-json\/wp\/v2\/comments?post=4717"}],"version-history":[{"count":2,"href":"https:\/\/vohnabrindes.com.br\/index.php\/wp-json\/wp\/v2\/product\/4717\/revisions"}],"predecessor-version":[{"id":6085,"href":"https:\/\/vohnabrindes.com.br\/index.php\/wp-json\/wp\/v2\/product\/4717\/revisions\/6085"}],"wp:featuredmedia":[{"embeddable":true,"href":"https:\/\/vohnabrindes.com.br\/index.php\/wp-json\/wp\/v2\/media\/6084"}],"wp:attachment":[{"href":"https:\/\/vohnabrindes.com.br\/index.php\/wp-json\/wp\/v2\/media?parent=4717"}],"wp:term":[{"taxonomy":"product_cat","embeddable":true,"href":"https:\/\/vohnabrindes.com.br\/index.php\/wp-json\/wp\/v2\/product_cat?post=4717"},{"taxonomy":"product_tag","embeddable":true,"href":"https:\/\/vohnabrindes.com.br\/index.php\/wp-json\/wp\/v2\/product_tag?post=4717"}],"curies":[{"name":"wp","href":"https:\/\/api.w.org\/{rel}","templated":true}]}}