{"id":4730,"date":"2025-05-30T21:39:15","date_gmt":"2025-05-31T00:39:15","guid":{"rendered":"https:\/\/vohnabrindes.com.br\/?post_type=product&#038;p=4730"},"modified":"2026-03-03T16:30:20","modified_gmt":"2026-03-03T19:30:20","slug":"kit-queijo-3-pecas-personalizado","status":"publish","type":"product","link":"https:\/\/vohnabrindes.com.br\/index.php\/product\/kit-queijo-3-pecas-personalizado\/","title":{"rendered":"Bolsa Esportiva em Algod\u00e3o personalizada."},"content":{"rendered":"<div class=\"sku\">\n<h6 class=\"products-main-title text-2xl uppercase\">ME575<\/h6>\n<\/div>\n<h6 class=\"title\">Bolsa Esportiva em Algod\u00e3o personalizada.<\/h6>\n<div class=\"description\">\n<p>Mala esportiva em algod\u00e3o reciclado 300g\/m\u00b2(Exterior) e 140g\/m\u00b2 (Interior), al\u00e7a em algod\u00e3o cru<\/p>\n<p><strong>Dimens\u00e3o Produto:<\/strong>26x45x23cm<\/p>\n<p><strong>Peso do Produto:<\/strong>0,376kg<\/p>\n<\/div>\n","protected":false},"excerpt":{"rendered":"<p>ME575 Bolsa Esportiva em Algod\u00e3o personalizada. Mala esportiva em algod\u00e3o reciclado 300g\/m\u00b2(Exterior) e 140g\/m\u00b2 (Interior), al\u00e7a em algod\u00e3o cru Dimens\u00e3o Produto:26x45x23cm Peso do Produto:0,376kg<\/p>\n","protected":false},"featured_media":6092,"comment_status":"closed","ping_status":"closed","template":"","meta":[],"product_cat":[126,312],"product_tag":[2346,2347,313,2348,2349,2350,174],"class_list":["post-4730","product","type-product","status-publish","has-post-thumbnail","hentry","product_cat-linha-ecologica","product_cat-mochilas-saco-e-bolsas-esportivas","product_tag-bolsa-ecologica-personalizada","product_tag-bolsa-esportiva-ecologica","product_tag-bolsa-esportiva-personalizada","product_tag-mala-ecologica-personalizada","product_tag-mala-em-algodao-personalizada","product_tag-mala-esportiva-em-algodao-personalizada","product_tag-mala-personalizada"],"_links":{"self":[{"href":"https:\/\/vohnabrindes.com.br\/index.php\/wp-json\/wp\/v2\/product\/4730","targetHints":{"allow":["GET"]}}],"collection":[{"href":"https:\/\/vohnabrindes.com.br\/index.php\/wp-json\/wp\/v2\/product"}],"about":[{"href":"https:\/\/vohnabrindes.com.br\/index.php\/wp-json\/wp\/v2\/types\/product"}],"replies":[{"embeddable":true,"href":"https:\/\/vohnabrindes.com.br\/index.php\/wp-json\/wp\/v2\/comments?post=4730"}],"version-history":[{"count":2,"href":"https:\/\/vohnabrindes.com.br\/index.php\/wp-json\/wp\/v2\/product\/4730\/revisions"}],"predecessor-version":[{"id":6093,"href":"https:\/\/vohnabrindes.com.br\/index.php\/wp-json\/wp\/v2\/product\/4730\/revisions\/6093"}],"wp:featuredmedia":[{"embeddable":true,"href":"https:\/\/vohnabrindes.com.br\/index.php\/wp-json\/wp\/v2\/media\/6092"}],"wp:attachment":[{"href":"https:\/\/vohnabrindes.com.br\/index.php\/wp-json\/wp\/v2\/media?parent=4730"}],"wp:term":[{"taxonomy":"product_cat","embeddable":true,"href":"https:\/\/vohnabrindes.com.br\/index.php\/wp-json\/wp\/v2\/product_cat?post=4730"},{"taxonomy":"product_tag","embeddable":true,"href":"https:\/\/vohnabrindes.com.br\/index.php\/wp-json\/wp\/v2\/product_tag?post=4730"}],"curies":[{"name":"wp","href":"https:\/\/api.w.org\/{rel}","templated":true}]}}