{"id":4785,"date":"2025-05-30T21:39:19","date_gmt":"2025-05-31T00:39:19","guid":{"rendered":"https:\/\/vohnabrindes.com.br\/?post_type=product&#038;p=4785"},"modified":"2025-05-30T21:39:21","modified_gmt":"2025-05-31T00:39:21","slug":"caixa-de-som-com-microfone-personalizada-4","status":"publish","type":"product","link":"https:\/\/vohnabrindes.com.br\/index.php\/product\/caixa-de-som-com-microfone-personalizada-4\/","title":{"rendered":"Caixa de som com microfone personalizada."},"content":{"rendered":"<div class=\"ref\">57335-HOLLY.<\/div>\n<div><\/div>\n<div class=\"texto\">Caixa de som com microfone. em ABS, com transmiss\u00e3o sem fios BT v3.0, liga\u00e7\u00e3o stereo 3,5 mm e leitor de cart\u00f5es TF, com 3W\/4\u03a9 e autonomia aproximada de 3 h. Fun\u00e7\u00e3o para atender chamadas, controle de volume e conex\u00e3o \u00e0 playlist do dispositivo m\u00f3vel. Com apoio antideslizante para celular. Incluso cabo USB para carregar. Fornecida em caixa presente. \u00f885 x 66 mm | Caixa: 93 x 93 x 85 mm<\/div>\n","protected":false},"excerpt":{"rendered":"<p>57335-HOLLY. Caixa de som com microfone. em ABS, com transmiss\u00e3o sem fios BT v3.0, liga\u00e7\u00e3o stereo 3,5 mm e leitor de cart\u00f5es TF, com 3W\/4\u03a9 e<span class=\"excerpt-hellip\"> [\u2026]<\/span><\/p>\n","protected":false},"featured_media":1839,"comment_status":"open","ping_status":"closed","template":"","meta":[],"product_cat":[377],"product_tag":[380,378],"class_list":["post-4785","product","type-product","status-publish","has-post-thumbnail","hentry","product_cat-informatica-som-e-tecnologia","product_tag-caixa-de-som-com-microfone-personalizada","product_tag-caixa-de-som-personalizada"],"_links":{"self":[{"href":"https:\/\/vohnabrindes.com.br\/index.php\/wp-json\/wp\/v2\/product\/4785","targetHints":{"allow":["GET"]}}],"collection":[{"href":"https:\/\/vohnabrindes.com.br\/index.php\/wp-json\/wp\/v2\/product"}],"about":[{"href":"https:\/\/vohnabrindes.com.br\/index.php\/wp-json\/wp\/v2\/types\/product"}],"replies":[{"embeddable":true,"href":"https:\/\/vohnabrindes.com.br\/index.php\/wp-json\/wp\/v2\/comments?post=4785"}],"version-history":[{"count":1,"href":"https:\/\/vohnabrindes.com.br\/index.php\/wp-json\/wp\/v2\/product\/4785\/revisions"}],"predecessor-version":[{"id":4815,"href":"https:\/\/vohnabrindes.com.br\/index.php\/wp-json\/wp\/v2\/product\/4785\/revisions\/4815"}],"wp:featuredmedia":[{"embeddable":true,"href":"https:\/\/vohnabrindes.com.br\/index.php\/wp-json\/wp\/v2\/media\/1839"}],"wp:attachment":[{"href":"https:\/\/vohnabrindes.com.br\/index.php\/wp-json\/wp\/v2\/media?parent=4785"}],"wp:term":[{"taxonomy":"product_cat","embeddable":true,"href":"https:\/\/vohnabrindes.com.br\/index.php\/wp-json\/wp\/v2\/product_cat?post=4785"},{"taxonomy":"product_tag","embeddable":true,"href":"https:\/\/vohnabrindes.com.br\/index.php\/wp-json\/wp\/v2\/product_tag?post=4785"}],"curies":[{"name":"wp","href":"https:\/\/api.w.org\/{rel}","templated":true}]}}