{"id":4786,"date":"2025-05-30T21:39:19","date_gmt":"2025-05-31T00:39:19","guid":{"rendered":"https:\/\/vohnabrindes.com.br\/?post_type=product&#038;p=4786"},"modified":"2025-05-30T21:39:21","modified_gmt":"2025-05-31T00:39:21","slug":"kit-garrafa-bloco-e-caneta-personalizado-luxo","status":"publish","type":"product","link":"https:\/\/vohnabrindes.com.br\/index.php\/product\/kit-garrafa-bloco-e-caneta-personalizado-luxo\/","title":{"rendered":"Kit garrafa, bloco e caneta personalizado luxo."},"content":{"rendered":"<p>Kit Garrafa E Acess\u00f3rios &#8211; 3 P\u00e7s<\/p>\n<div class=\"especificacao col-xs-12 no-padding\">\n<div class=\"col-xs-12 col-sm-4 titulo ff-nunito fw-semibold texto-upper\">\n<p class=\"no-margin fc-cinza4\">kit conta com com garrafa em A\u00e7o Inox com pintura amadeirada , 1 caneta esferogr\u00e1fica em bambu e 1 bloco de anota\u00e7\u00f5es.<\/p>\n<\/div>\n<\/div>\n<div class=\"especificacao col-xs-12 no-padding\">\n<div class=\"col-xs-12 col-sm-4 titulo ff-nunito fw-semibold texto-upper\">\n<p class=\"no-margin fc-cinza4\">TIPO DE PERSONALIZA\u00c7\u00c3O-A Laser<\/p>\n<\/div>\n<\/div>\n<div class=\"especificacao col-xs-12 no-padding\">\n<div class=\"col-xs-12 col-sm-4 titulo ff-nunito fw-semibold texto-upper\">\n<p class=\"no-margin fc-cinza4\">DIMENS\u00c3O DO PRODUTO: Garrafa:16,5&#215;7\u00f8<\/p>\n<\/div>\n<\/div>\n<div class=\"especificacao col-xs-12 no-padding\">\n<div class=\"col-xs-12 col-sm-4 titulo ff-nunito fw-semibold texto-upper\">\n<p class=\"no-margin fc-cinza4\">MATERIAL DA EMBALAGEM: Caixa Preta<\/p>\n<\/div>\n<\/div>\n<div class=\"especificacao col-xs-12 no-padding\">\n<div class=\"col-xs-12 col-sm-4 titulo ff-nunito fw-semibold texto-upper\">\n<p class=\"no-margin fc-cinza4\">DIMENS\u00c3O DA EMBALAGEM: 353x242x95 mm (AxLxP)<\/p>\n<\/div>\n<\/div>\n<div class=\"especificacao col-xs-12 no-padding\">\n<div class=\"col-xs-12 col-sm-4 titulo ff-nunito fw-semibold texto-upper\">\n<p class=\"no-margin fc-cinza4\">PESO: 585 g (com embalagem)<\/p>\n<\/div>\n<\/div>\n<p>KT-9038E<\/p>\n","protected":false},"excerpt":{"rendered":"<p>Kit Garrafa E Acess\u00f3rios &#8211; 3 P\u00e7s kit conta com com garrafa em A\u00e7o Inox com pintura amadeirada , 1 caneta esferogr\u00e1fica em bambu e 1<span class=\"excerpt-hellip\"> [\u2026]<\/span><\/p>\n","protected":false},"featured_media":1841,"comment_status":"open","ping_status":"closed","template":"","meta":[],"product_cat":[146,383,129,643],"product_tag":[644,645,646],"class_list":["post-4786","product","type-product","status-publish","has-post-thumbnail","hentry","product_cat-blocos-e-cadernetas","product_cat-canetas-eco","product_cat-garrafas-e-squeezes","product_cat-kit-boas-vindas","product_tag-bloco-e-caneta-personalizado-luxo","product_tag-kit-garrafa","product_tag-kit-personalizado"],"_links":{"self":[{"href":"https:\/\/vohnabrindes.com.br\/index.php\/wp-json\/wp\/v2\/product\/4786","targetHints":{"allow":["GET"]}}],"collection":[{"href":"https:\/\/vohnabrindes.com.br\/index.php\/wp-json\/wp\/v2\/product"}],"about":[{"href":"https:\/\/vohnabrindes.com.br\/index.php\/wp-json\/wp\/v2\/types\/product"}],"replies":[{"embeddable":true,"href":"https:\/\/vohnabrindes.com.br\/index.php\/wp-json\/wp\/v2\/comments?post=4786"}],"version-history":[{"count":1,"href":"https:\/\/vohnabrindes.com.br\/index.php\/wp-json\/wp\/v2\/product\/4786\/revisions"}],"predecessor-version":[{"id":4816,"href":"https:\/\/vohnabrindes.com.br\/index.php\/wp-json\/wp\/v2\/product\/4786\/revisions\/4816"}],"wp:featuredmedia":[{"embeddable":true,"href":"https:\/\/vohnabrindes.com.br\/index.php\/wp-json\/wp\/v2\/media\/1841"}],"wp:attachment":[{"href":"https:\/\/vohnabrindes.com.br\/index.php\/wp-json\/wp\/v2\/media?parent=4786"}],"wp:term":[{"taxonomy":"product_cat","embeddable":true,"href":"https:\/\/vohnabrindes.com.br\/index.php\/wp-json\/wp\/v2\/product_cat?post=4786"},{"taxonomy":"product_tag","embeddable":true,"href":"https:\/\/vohnabrindes.com.br\/index.php\/wp-json\/wp\/v2\/product_tag?post=4786"}],"curies":[{"name":"wp","href":"https:\/\/api.w.org\/{rel}","templated":true}]}}