{"id":4787,"date":"2025-05-30T21:39:19","date_gmt":"2025-05-31T00:39:19","guid":{"rendered":"https:\/\/vohnabrindes.com.br\/?post_type=product&#038;p=4787"},"modified":"2026-03-03T16:30:21","modified_gmt":"2026-03-03T19:30:21","slug":"caneta-marca-texto-em-formato-flor-6-cores","status":"publish","type":"product","link":"https:\/\/vohnabrindes.com.br\/index.php\/product\/caneta-marca-texto-em-formato-flor-6-cores\/","title":{"rendered":"Mochila Personalizada."},"content":{"rendered":"<div class=\"ref\">92572-NIAMEY.<\/div>\n<div><\/div>\n<div class=\"ref\">Mochila Ecol\u00f3gica\u00a0 Personalizada.<\/div>\n<div class=\"texto\">Mochila para notebook em poli\u00e9ster reciclado 300D de alta densidade e forro em poli\u00e9ster reciclado 190T. Possui um compartimento principal para notebook at\u00e9 15.6&#8243; que pode ser totalmente aberto, possibilitando um acesso mais descomplicado, e um bolso frontal de grande dimens\u00e3o. A mochila tamb\u00e9m pode ser utilizada como pasta gra\u00e7as \u00e0 sua pega lateral e o seu formato compacto. A parte posterior em malha incorpora uma al\u00e7a para trolley. Capacidade at\u00e9 15 L. 300 x 410 x 110 mm<\/div>\n","protected":false},"excerpt":{"rendered":"<p>92572-NIAMEY. Mochila Ecol\u00f3gica\u00a0 Personalizada. Mochila para notebook em poli\u00e9ster reciclado 300D de alta densidade e forro em poli\u00e9ster reciclado 190T. Possui um compartimento principal para notebook<span class=\"excerpt-hellip\"> [\u2026]<\/span><\/p>\n","protected":false},"featured_media":6251,"comment_status":"closed","ping_status":"closed","template":"","meta":[],"product_cat":[171],"product_tag":[2364,1184,181],"class_list":["post-4787","product","type-product","status-publish","has-post-thumbnail","hentry","product_cat-mochilas-e-malas","product_tag-mochila-ecologica-personalizada","product_tag-mochila-executiva-personalizada","product_tag-mochila-personalizada"],"_links":{"self":[{"href":"https:\/\/vohnabrindes.com.br\/index.php\/wp-json\/wp\/v2\/product\/4787","targetHints":{"allow":["GET"]}}],"collection":[{"href":"https:\/\/vohnabrindes.com.br\/index.php\/wp-json\/wp\/v2\/product"}],"about":[{"href":"https:\/\/vohnabrindes.com.br\/index.php\/wp-json\/wp\/v2\/types\/product"}],"replies":[{"embeddable":true,"href":"https:\/\/vohnabrindes.com.br\/index.php\/wp-json\/wp\/v2\/comments?post=4787"}],"version-history":[{"count":2,"href":"https:\/\/vohnabrindes.com.br\/index.php\/wp-json\/wp\/v2\/product\/4787\/revisions"}],"predecessor-version":[{"id":6252,"href":"https:\/\/vohnabrindes.com.br\/index.php\/wp-json\/wp\/v2\/product\/4787\/revisions\/6252"}],"wp:featuredmedia":[{"embeddable":true,"href":"https:\/\/vohnabrindes.com.br\/index.php\/wp-json\/wp\/v2\/media\/6251"}],"wp:attachment":[{"href":"https:\/\/vohnabrindes.com.br\/index.php\/wp-json\/wp\/v2\/media?parent=4787"}],"wp:term":[{"taxonomy":"product_cat","embeddable":true,"href":"https:\/\/vohnabrindes.com.br\/index.php\/wp-json\/wp\/v2\/product_cat?post=4787"},{"taxonomy":"product_tag","embeddable":true,"href":"https:\/\/vohnabrindes.com.br\/index.php\/wp-json\/wp\/v2\/product_tag?post=4787"}],"curies":[{"name":"wp","href":"https:\/\/api.w.org\/{rel}","templated":true}]}}