{"id":4831,"date":"2025-05-30T21:39:22","date_gmt":"2025-05-31T00:39:22","guid":{"rendered":"https:\/\/vohnabrindes.com.br\/?post_type=product&#038;p=4831"},"modified":"2026-03-03T16:30:21","modified_gmt":"2026-03-03T19:30:21","slug":"agenda-em-rpet-personalizada","status":"publish","type":"product","link":"https:\/\/vohnabrindes.com.br\/index.php\/product\/agenda-em-rpet-personalizada\/","title":{"rendered":"Suporte para celular em bambu personalizado."},"content":{"rendered":"<div class=\"ref\">93639-GALEN.<\/div>\n<div class=\"ref\">Suporte para celular em bambu personalizado.<\/div>\n<div class=\"texto\">Suporte para celular em bambu, desmont\u00e1vel em duas partes. Cont\u00e9m um orif\u00edcio que lhe permite carregar o seu celular enquanto utiliza o suporte. Fornecido em caixa presente de papel kraft reciclado.<\/div>\n<div class=\"texto\">A cor e o resultado da impress\u00e3o nos materiais naturais pode variar entre produtos.<\/div>\n<div class=\"texto\">Dimens\u00f5es montado: 80 x 130 x 80 mm | Caixa: 83 x 12 x 140 mm<\/div>\n","protected":false},"excerpt":{"rendered":"<p>93639-GALEN. Suporte para celular em bambu personalizado. Suporte para celular em bambu, desmont\u00e1vel em duas partes. Cont\u00e9m um orif\u00edcio que lhe permite carregar o seu celular<span class=\"excerpt-hellip\"> [\u2026]<\/span><\/p>\n","protected":false},"featured_media":6259,"comment_status":"closed","ping_status":"closed","template":"","meta":[],"product_cat":[899,165,126],"product_tag":[2391,2392,2389,2390,2393],"class_list":["post-4831","product","type-product","status-publish","has-post-thumbnail","hentry","product_cat-diversos","product_cat-escritorio-e-conjuntos-executivos","product_cat-linha-ecologica","product_tag-brindes-ecologicos","product_tag-brindes-escritorio","product_tag-porta-celular-personalizado","product_tag-suporte-para-celular-em-bambu-personalizado","product_tag-suporte-para-celular-personalizado"],"_links":{"self":[{"href":"https:\/\/vohnabrindes.com.br\/index.php\/wp-json\/wp\/v2\/product\/4831","targetHints":{"allow":["GET"]}}],"collection":[{"href":"https:\/\/vohnabrindes.com.br\/index.php\/wp-json\/wp\/v2\/product"}],"about":[{"href":"https:\/\/vohnabrindes.com.br\/index.php\/wp-json\/wp\/v2\/types\/product"}],"replies":[{"embeddable":true,"href":"https:\/\/vohnabrindes.com.br\/index.php\/wp-json\/wp\/v2\/comments?post=4831"}],"version-history":[{"count":2,"href":"https:\/\/vohnabrindes.com.br\/index.php\/wp-json\/wp\/v2\/product\/4831\/revisions"}],"predecessor-version":[{"id":6260,"href":"https:\/\/vohnabrindes.com.br\/index.php\/wp-json\/wp\/v2\/product\/4831\/revisions\/6260"}],"wp:featuredmedia":[{"embeddable":true,"href":"https:\/\/vohnabrindes.com.br\/index.php\/wp-json\/wp\/v2\/media\/6259"}],"wp:attachment":[{"href":"https:\/\/vohnabrindes.com.br\/index.php\/wp-json\/wp\/v2\/media?parent=4831"}],"wp:term":[{"taxonomy":"product_cat","embeddable":true,"href":"https:\/\/vohnabrindes.com.br\/index.php\/wp-json\/wp\/v2\/product_cat?post=4831"},{"taxonomy":"product_tag","embeddable":true,"href":"https:\/\/vohnabrindes.com.br\/index.php\/wp-json\/wp\/v2\/product_tag?post=4831"}],"curies":[{"name":"wp","href":"https:\/\/api.w.org\/{rel}","templated":true}]}}