{"id":4834,"date":"2025-05-30T21:39:22","date_gmt":"2025-05-31T00:39:22","guid":{"rendered":"https:\/\/vohnabrindes.com.br\/?post_type=product&#038;p=4834"},"modified":"2026-03-03T16:30:21","modified_gmt":"2026-03-03T19:30:21","slug":"agenda-a5-diaria-personalizada","status":"publish","type":"product","link":"https:\/\/vohnabrindes.com.br\/index.php\/product\/agenda-a5-diaria-personalizada\/","title":{"rendered":"Conjunto com suporte para celular e copo personalizado."},"content":{"rendered":"<div class=\"ref\">93638-ERWIN.<\/div>\n<div class=\"ref\">Conjunto de secret\u00e1ria com suporte para celular e copo personalizado.<\/div>\n<div><\/div>\n<div class=\"texto\">Conjunto de mesa em bambu, ideal para organizar o seu espa\u00e7o de trabalho. Composto por 1 canaleta para suporte do seu celular e um copo, desmont\u00e1vel, para organizar as suas esferogr\u00e1ficas e outros materiais de trabalho. Fornecido em caixa presente de papel kraft reciclado.<\/div>\n<div class=\"texto\">A cor e o resultado da impress\u00e3o nos materiais naturais pode variar entre produtos.<\/div>\n<div class=\"texto\">Dimens\u00f5es montado: 80 x 145 x 104 mm | Caixa: 80 x 145 x 33 mm<\/div>\n","protected":false},"excerpt":{"rendered":"<p>93638-ERWIN. Conjunto de secret\u00e1ria com suporte para celular e copo personalizado. Conjunto de mesa em bambu, ideal para organizar o seu espa\u00e7o de trabalho. Composto por<span class=\"excerpt-hellip\"> [\u2026]<\/span><\/p>\n","protected":false},"featured_media":6261,"comment_status":"closed","ping_status":"closed","template":"","meta":[],"product_cat":[126],"product_tag":[2387,2394,2395,697,2396],"class_list":["post-4834","product","type-product","status-publish","has-post-thumbnail","hentry","product_cat-linha-ecologica","product_tag-brindes-para-escritorio","product_tag-brindes-para-mesa","product_tag-conjunto-com-suporte-para-celular-e-copo-personalizado","product_tag-kit-escritorio-personalizado","product_tag-porta-canetas-personalizado"],"_links":{"self":[{"href":"https:\/\/vohnabrindes.com.br\/index.php\/wp-json\/wp\/v2\/product\/4834","targetHints":{"allow":["GET"]}}],"collection":[{"href":"https:\/\/vohnabrindes.com.br\/index.php\/wp-json\/wp\/v2\/product"}],"about":[{"href":"https:\/\/vohnabrindes.com.br\/index.php\/wp-json\/wp\/v2\/types\/product"}],"replies":[{"embeddable":true,"href":"https:\/\/vohnabrindes.com.br\/index.php\/wp-json\/wp\/v2\/comments?post=4834"}],"version-history":[{"count":2,"href":"https:\/\/vohnabrindes.com.br\/index.php\/wp-json\/wp\/v2\/product\/4834\/revisions"}],"predecessor-version":[{"id":6262,"href":"https:\/\/vohnabrindes.com.br\/index.php\/wp-json\/wp\/v2\/product\/4834\/revisions\/6262"}],"wp:featuredmedia":[{"embeddable":true,"href":"https:\/\/vohnabrindes.com.br\/index.php\/wp-json\/wp\/v2\/media\/6261"}],"wp:attachment":[{"href":"https:\/\/vohnabrindes.com.br\/index.php\/wp-json\/wp\/v2\/media?parent=4834"}],"wp:term":[{"taxonomy":"product_cat","embeddable":true,"href":"https:\/\/vohnabrindes.com.br\/index.php\/wp-json\/wp\/v2\/product_cat?post=4834"},{"taxonomy":"product_tag","embeddable":true,"href":"https:\/\/vohnabrindes.com.br\/index.php\/wp-json\/wp\/v2\/product_tag?post=4834"}],"curies":[{"name":"wp","href":"https:\/\/api.w.org\/{rel}","templated":true}]}}