{"id":4840,"date":"2025-05-30T21:39:23","date_gmt":"2025-05-31T00:39:23","guid":{"rendered":"https:\/\/vohnabrindes.com.br\/?post_type=product&#038;p=4840"},"modified":"2026-03-03T16:30:21","modified_gmt":"2026-03-03T19:30:21","slug":"pasta-a4-de-convencoes-personalizada","status":"publish","type":"product","link":"https:\/\/vohnabrindes.com.br\/index.php\/product\/pasta-a4-de-convencoes-personalizada\/","title":{"rendered":"Kit porta cart\u00f5es e chaveiro personalizado."},"content":{"rendered":"<div class=\"ref\">95100-VAUGHN.<\/div>\n<div class=\"ref\">kit Conjunto composto por um porta-cart\u00f5es e chaveiro, ambos em metal e poli\u00e9ster reciclado (30% rPET)<\/div>\n<div><\/div>\n<div class=\"texto\">Conjunto composto por um porta-cart\u00f5es e um chaveiro, ambos em metal e poli\u00e9ster 30% reciclado.<\/div>\n<div class=\"texto\">O porta-cart\u00f5es tem capacidade at\u00e9 7 cart\u00f5es.<\/div>\n<div class=\"texto\">Fornecido em caixa presente de papel kraft reciclado.<\/div>\n<div class=\"texto\">Chaveiro: 87 x 25 x 7 mm | Porta-cart\u00f5es: 95 x 65 x 13 mm | Caixa: 125 x 135 x 17 mm<\/div>\n","protected":false},"excerpt":{"rendered":"<p>95100-VAUGHN. kit Conjunto composto por um porta-cart\u00f5es e chaveiro, ambos em metal e poli\u00e9ster reciclado (30% rPET) Conjunto composto por um porta-cart\u00f5es e um chaveiro, ambos<span class=\"excerpt-hellip\"> [\u2026]<\/span><\/p>\n","protected":false},"featured_media":6265,"comment_status":"closed","ping_status":"closed","template":"","meta":[],"product_cat":[165,126],"product_tag":[2391,2392,2398,2399,1055],"class_list":["post-4840","product","type-product","status-publish","has-post-thumbnail","hentry","product_cat-escritorio-e-conjuntos-executivos","product_cat-linha-ecologica","product_tag-brindes-ecologicos","product_tag-brindes-escritorio","product_tag-chaveiros-personalizados","product_tag-kit-porta-cartoes-e-chaveiro-personalizado","product_tag-porta-cartoes-personalizado"],"_links":{"self":[{"href":"https:\/\/vohnabrindes.com.br\/index.php\/wp-json\/wp\/v2\/product\/4840","targetHints":{"allow":["GET"]}}],"collection":[{"href":"https:\/\/vohnabrindes.com.br\/index.php\/wp-json\/wp\/v2\/product"}],"about":[{"href":"https:\/\/vohnabrindes.com.br\/index.php\/wp-json\/wp\/v2\/types\/product"}],"replies":[{"embeddable":true,"href":"https:\/\/vohnabrindes.com.br\/index.php\/wp-json\/wp\/v2\/comments?post=4840"}],"version-history":[{"count":2,"href":"https:\/\/vohnabrindes.com.br\/index.php\/wp-json\/wp\/v2\/product\/4840\/revisions"}],"predecessor-version":[{"id":6266,"href":"https:\/\/vohnabrindes.com.br\/index.php\/wp-json\/wp\/v2\/product\/4840\/revisions\/6266"}],"wp:featuredmedia":[{"embeddable":true,"href":"https:\/\/vohnabrindes.com.br\/index.php\/wp-json\/wp\/v2\/media\/6265"}],"wp:attachment":[{"href":"https:\/\/vohnabrindes.com.br\/index.php\/wp-json\/wp\/v2\/media?parent=4840"}],"wp:term":[{"taxonomy":"product_cat","embeddable":true,"href":"https:\/\/vohnabrindes.com.br\/index.php\/wp-json\/wp\/v2\/product_cat?post=4840"},{"taxonomy":"product_tag","embeddable":true,"href":"https:\/\/vohnabrindes.com.br\/index.php\/wp-json\/wp\/v2\/product_tag?post=4840"}],"curies":[{"name":"wp","href":"https:\/\/api.w.org\/{rel}","templated":true}]}}