{"id":4842,"date":"2025-05-30T21:39:23","date_gmt":"2025-05-31T00:39:23","guid":{"rendered":"https:\/\/vohnabrindes.com.br\/?post_type=product&#038;p=4842"},"modified":"2025-05-30T21:39:28","modified_gmt":"2025-05-31T00:39:28","slug":"pasta-a5-de-convencoes-personalizada","status":"publish","type":"product","link":"https:\/\/vohnabrindes.com.br\/index.php\/product\/pasta-a5-de-convencoes-personalizada\/","title":{"rendered":"Pasta A5 de conven\u00e7\u00f5es personalizada."},"content":{"rendered":"<div class=\"ref\">92066-PYNCHON.<\/div>\n<div class=\"ref\">Pasta A5 de conven\u00e7\u00f5es personalizada.<\/div>\n<div class=\"texto\">Pasta A5 em linho sint\u00e9tico e couro sint\u00e9tico com fecho magn\u00e9tico. No interior, cont\u00e9m um bloco (20 folhas pautadas), suporte para esferogr\u00e1fica (n\u00e3o inclusa) e outros compartimentos para acess\u00f3rios (n\u00e3o inclusos).<\/div>\n<div class=\"texto\">dimens\u00f5es:183 x 252 x 18 mm | Placa: 50 x 30 mm<\/div>\n","protected":false},"excerpt":{"rendered":"<p>92066-PYNCHON. Pasta A5 de conven\u00e7\u00f5es personalizada. Pasta A5 em linho sint\u00e9tico e couro sint\u00e9tico com fecho magn\u00e9tico. No interior, cont\u00e9m um bloco (20 folhas pautadas), suporte<span class=\"excerpt-hellip\"> [\u2026]<\/span><\/p>\n","protected":false},"featured_media":1924,"comment_status":"open","ping_status":"closed","template":"","meta":[],"product_cat":[144],"product_tag":[681,680],"class_list":["post-4842","product","type-product","status-publish","has-post-thumbnail","hentry","product_cat-cadernos-e-pastas","product_tag-pasta-a5-de-convencoes-personalizada","product_tag-pasta-personalizada"],"_links":{"self":[{"href":"https:\/\/vohnabrindes.com.br\/index.php\/wp-json\/wp\/v2\/product\/4842","targetHints":{"allow":["GET"]}}],"collection":[{"href":"https:\/\/vohnabrindes.com.br\/index.php\/wp-json\/wp\/v2\/product"}],"about":[{"href":"https:\/\/vohnabrindes.com.br\/index.php\/wp-json\/wp\/v2\/types\/product"}],"replies":[{"embeddable":true,"href":"https:\/\/vohnabrindes.com.br\/index.php\/wp-json\/wp\/v2\/comments?post=4842"}],"version-history":[{"count":1,"href":"https:\/\/vohnabrindes.com.br\/index.php\/wp-json\/wp\/v2\/product\/4842\/revisions"}],"predecessor-version":[{"id":4874,"href":"https:\/\/vohnabrindes.com.br\/index.php\/wp-json\/wp\/v2\/product\/4842\/revisions\/4874"}],"wp:featuredmedia":[{"embeddable":true,"href":"https:\/\/vohnabrindes.com.br\/index.php\/wp-json\/wp\/v2\/media\/1924"}],"wp:attachment":[{"href":"https:\/\/vohnabrindes.com.br\/index.php\/wp-json\/wp\/v2\/media?parent=4842"}],"wp:term":[{"taxonomy":"product_cat","embeddable":true,"href":"https:\/\/vohnabrindes.com.br\/index.php\/wp-json\/wp\/v2\/product_cat?post=4842"},{"taxonomy":"product_tag","embeddable":true,"href":"https:\/\/vohnabrindes.com.br\/index.php\/wp-json\/wp\/v2\/product_tag?post=4842"}],"curies":[{"name":"wp","href":"https:\/\/api.w.org\/{rel}","templated":true}]}}