{"id":4847,"date":"2025-05-30T21:39:23","date_gmt":"2025-05-31T00:39:23","guid":{"rendered":"https:\/\/vohnabrindes.com.br\/?post_type=product&#038;p=4847"},"modified":"2025-05-30T21:39:29","modified_gmt":"2025-05-31T00:39:29","slug":"kit-petisco-personalizado-3","status":"publish","type":"product","link":"https:\/\/vohnabrindes.com.br\/index.php\/product\/kit-petisco-personalizado-3\/","title":{"rendered":"Kit petisco personalizado."},"content":{"rendered":"<h6>Conjunto para petisco em Bambu\/Inox. Conta com t\u00e1bua e esp\u00e1tula em bambu.<\/h6>\n<div class=\"col-xs-12 col-sm-4 titulo ff-nunito fw-semibold texto-upper\">\n<p class=\"no-margin fc-cinza4\">TIPO DE PERSONALIZA\u00c7\u00c3O\u00a0 A Laser\u00a0 DIMENS\u00c3O DO PRODUTO\u00a0 T\u00e1bua: 21&#215;1,2cm<\/p>\n<\/div>\n<div class=\"col-xs-12 col-sm-4 titulo ff-nunito fw-semibold texto-upper\">\n<p class=\"no-margin fc-cinza4\">MATERIAL DA EMBALAGEM\u00a0 Caixa Preta\u00a0 DIMENS\u00c3O DA EMBALAGEM 233x236x50 mm (AxLxP)<\/p>\n<\/div>\n<div class=\"especificacao col-xs-12 no-padding\">\n<div class=\"col-xs-12 col-sm-4 titulo ff-nunito fw-semibold texto-upper\">\n<p class=\"no-margin fc-cinza4\">PESO\u00a0 385 g (com embalagem)\u00a0 pd15333<\/p>\n<\/div>\n<\/div>\n","protected":false},"excerpt":{"rendered":"<p>Conjunto para petisco em Bambu\/Inox. Conta com t\u00e1bua e esp\u00e1tula em bambu. TIPO DE PERSONALIZA\u00c7\u00c3O\u00a0 A Laser\u00a0 DIMENS\u00c3O DO PRODUTO\u00a0 T\u00e1bua: 21&#215;1,2cm MATERIAL DA EMBALAGEM\u00a0 Caixa<span class=\"excerpt-hellip\"> [\u2026]<\/span><\/p>\n","protected":false},"featured_media":1934,"comment_status":"open","ping_status":"closed","template":"","meta":[],"product_cat":[561,448,275],"product_tag":[684,683],"class_list":["post-4847","product","type-product","status-publish","has-post-thumbnail","hentry","product_cat-kit-queijo-e-pizza","product_cat-kit-vinho-bar-e-comemoracao","product_cat-linha-gourmet","product_tag-kit-petisco","product_tag-kit-petisco-bambu"],"_links":{"self":[{"href":"https:\/\/vohnabrindes.com.br\/index.php\/wp-json\/wp\/v2\/product\/4847","targetHints":{"allow":["GET"]}}],"collection":[{"href":"https:\/\/vohnabrindes.com.br\/index.php\/wp-json\/wp\/v2\/product"}],"about":[{"href":"https:\/\/vohnabrindes.com.br\/index.php\/wp-json\/wp\/v2\/types\/product"}],"replies":[{"embeddable":true,"href":"https:\/\/vohnabrindes.com.br\/index.php\/wp-json\/wp\/v2\/comments?post=4847"}],"version-history":[{"count":1,"href":"https:\/\/vohnabrindes.com.br\/index.php\/wp-json\/wp\/v2\/product\/4847\/revisions"}],"predecessor-version":[{"id":4879,"href":"https:\/\/vohnabrindes.com.br\/index.php\/wp-json\/wp\/v2\/product\/4847\/revisions\/4879"}],"wp:featuredmedia":[{"embeddable":true,"href":"https:\/\/vohnabrindes.com.br\/index.php\/wp-json\/wp\/v2\/media\/1934"}],"wp:attachment":[{"href":"https:\/\/vohnabrindes.com.br\/index.php\/wp-json\/wp\/v2\/media?parent=4847"}],"wp:term":[{"taxonomy":"product_cat","embeddable":true,"href":"https:\/\/vohnabrindes.com.br\/index.php\/wp-json\/wp\/v2\/product_cat?post=4847"},{"taxonomy":"product_tag","embeddable":true,"href":"https:\/\/vohnabrindes.com.br\/index.php\/wp-json\/wp\/v2\/product_tag?post=4847"}],"curies":[{"name":"wp","href":"https:\/\/api.w.org\/{rel}","templated":true}]}}