{"id":4912,"date":"2025-05-30T21:39:31","date_gmt":"2025-05-31T00:39:31","guid":{"rendered":"https:\/\/vohnabrindes.com.br\/?post_type=product&#038;p=4912"},"modified":"2025-05-30T21:39:33","modified_gmt":"2025-05-31T00:39:33","slug":"sacola-com-algodao-reciclado-personalizada-3","status":"publish","type":"product","link":"https:\/\/vohnabrindes.com.br\/index.php\/product\/sacola-com-algodao-reciclado-personalizada-3\/","title":{"rendered":"Sacola com algod\u00e3o reciclado personalizada."},"content":{"rendered":"<div class=\"ref\">92331-GIRONA.<\/div>\n<div class=\"ref\">Sacola com algod\u00e3o reciclado personalizada.<\/div>\n<div class=\"texto\">Sacola em algod\u00e3o (220 g\/ m\u00b2) composta por 50% algod\u00e3o e 50% algod\u00e3o reciclado.<\/div>\n<div class=\"texto\">dimens\u00f5es: com al\u00e7as de 60cm. 380 x 400 x 100 mm<\/div>\n","protected":false},"excerpt":{"rendered":"<p>92331-GIRONA. Sacola com algod\u00e3o reciclado personalizada. Sacola em algod\u00e3o (220 g\/ m\u00b2) composta por 50% algod\u00e3o e 50% algod\u00e3o reciclado. dimens\u00f5es: com al\u00e7as de 60cm. 380<span class=\"excerpt-hellip\"> [\u2026]<\/span><\/p>\n","protected":false},"featured_media":2035,"comment_status":"open","ping_status":"closed","template":"","meta":[],"product_cat":[126,210],"product_tag":[732,381,629],"class_list":["post-4912","product","type-product","status-publish","has-post-thumbnail","hentry","product_cat-linha-ecologica","product_cat-sacolas","product_tag-sacola-com-algodao-reciclado-personalizada","product_tag-sacola-com-logomarca","product_tag-sacola-ecobag"],"_links":{"self":[{"href":"https:\/\/vohnabrindes.com.br\/index.php\/wp-json\/wp\/v2\/product\/4912","targetHints":{"allow":["GET"]}}],"collection":[{"href":"https:\/\/vohnabrindes.com.br\/index.php\/wp-json\/wp\/v2\/product"}],"about":[{"href":"https:\/\/vohnabrindes.com.br\/index.php\/wp-json\/wp\/v2\/types\/product"}],"replies":[{"embeddable":true,"href":"https:\/\/vohnabrindes.com.br\/index.php\/wp-json\/wp\/v2\/comments?post=4912"}],"version-history":[{"count":1,"href":"https:\/\/vohnabrindes.com.br\/index.php\/wp-json\/wp\/v2\/product\/4912\/revisions"}],"predecessor-version":[{"id":4942,"href":"https:\/\/vohnabrindes.com.br\/index.php\/wp-json\/wp\/v2\/product\/4912\/revisions\/4942"}],"wp:featuredmedia":[{"embeddable":true,"href":"https:\/\/vohnabrindes.com.br\/index.php\/wp-json\/wp\/v2\/media\/2035"}],"wp:attachment":[{"href":"https:\/\/vohnabrindes.com.br\/index.php\/wp-json\/wp\/v2\/media?parent=4912"}],"wp:term":[{"taxonomy":"product_cat","embeddable":true,"href":"https:\/\/vohnabrindes.com.br\/index.php\/wp-json\/wp\/v2\/product_cat?post=4912"},{"taxonomy":"product_tag","embeddable":true,"href":"https:\/\/vohnabrindes.com.br\/index.php\/wp-json\/wp\/v2\/product_tag?post=4912"}],"curies":[{"name":"wp","href":"https:\/\/api.w.org\/{rel}","templated":true}]}}