{"id":5013,"date":"2025-05-30T21:39:39","date_gmt":"2025-05-31T00:39:39","guid":{"rendered":"https:\/\/vohnabrindes.com.br\/?post_type=product&#038;p=5013"},"modified":"2025-05-30T21:39:40","modified_gmt":"2025-05-31T00:39:40","slug":"espelho-dobravel-com-led-recarregavel-personalizada","status":"publish","type":"product","link":"https:\/\/vohnabrindes.com.br\/index.php\/product\/espelho-dobravel-com-led-recarregavel-personalizada\/","title":{"rendered":"Espelho Dobr\u00e1vel com Led Recarreg\u00e1vel personalizada."},"content":{"rendered":"<pre id=\"item_referencia\">01123<\/pre>\n<p class=\"produto-nome\">Espelho Dobr\u00e1vel com Led Recarreg\u00e1vel<\/p>\n<div class=\"caracs\">\n<div class=\"desc\">\n<p class=\"desc-tit\"><span class=\"desc-sub my-desc-sub\">Espelho Dobr\u00e1vel com LED Recarreg\u00e1vel e dupla face, material pl\u00e1stico. O espelho possui uma das faces ampliada 10x e do outro lado, espelho convencional 1x, ilumina\u00e7\u00e3o LED dos dois lados, tr\u00eas compartimentos na base para armazenamento de acess\u00f3rios, espelho girat\u00f3rio e regul\u00e1vel, bot\u00e3o liga\/desliga e bot\u00e3o para acionar a ilumina\u00e7\u00e3o, com funcionamento \u00e0 base de 4 pilhas AA ou via cabo USB. Acompanha antiderrapantes emborrachados.<\/span><\/p>\n<\/div>\n<div class=\"desc\">\n<p class=\"desc-tit\">Altura<span class=\"desc-sub\">\u00a0:\u00a0 29,4 cm<\/span><\/p>\n<\/div>\n<div class=\"desc\">\n<p class=\"desc-tit\">Largura<span class=\"desc-sub\">\u00a0:\u00a0 16 cm<\/span><\/p>\n<\/div>\n<div class=\"desc\">\n<p class=\"desc-tit\">Peso aproximado<span class=\"desc-sub\">\u00a0(g):\u00a0 413<\/span><\/p>\n<\/div>\n<\/div>\n","protected":false},"excerpt":{"rendered":"<p>01123 Espelho Dobr\u00e1vel com Led Recarreg\u00e1vel Espelho Dobr\u00e1vel com LED Recarreg\u00e1vel e dupla face, material pl\u00e1stico. O espelho possui uma das faces ampliada 10x e do<span class=\"excerpt-hellip\"> [\u2026]<\/span><\/p>\n","protected":false},"featured_media":2155,"comment_status":"open","ping_status":"closed","template":"","meta":[],"product_cat":[184],"product_tag":[773,774,775],"class_list":["post-5013","product","type-product","status-publish","has-post-thumbnail","hentry","product_cat-linha-feminina","product_tag-brindes-femininas","product_tag-espelho-dobravel-com-led-recarregavel-personalizada","product_tag-espelho-personalizado"],"_links":{"self":[{"href":"https:\/\/vohnabrindes.com.br\/index.php\/wp-json\/wp\/v2\/product\/5013","targetHints":{"allow":["GET"]}}],"collection":[{"href":"https:\/\/vohnabrindes.com.br\/index.php\/wp-json\/wp\/v2\/product"}],"about":[{"href":"https:\/\/vohnabrindes.com.br\/index.php\/wp-json\/wp\/v2\/types\/product"}],"replies":[{"embeddable":true,"href":"https:\/\/vohnabrindes.com.br\/index.php\/wp-json\/wp\/v2\/comments?post=5013"}],"version-history":[{"count":1,"href":"https:\/\/vohnabrindes.com.br\/index.php\/wp-json\/wp\/v2\/product\/5013\/revisions"}],"predecessor-version":[{"id":5043,"href":"https:\/\/vohnabrindes.com.br\/index.php\/wp-json\/wp\/v2\/product\/5013\/revisions\/5043"}],"wp:featuredmedia":[{"embeddable":true,"href":"https:\/\/vohnabrindes.com.br\/index.php\/wp-json\/wp\/v2\/media\/2155"}],"wp:attachment":[{"href":"https:\/\/vohnabrindes.com.br\/index.php\/wp-json\/wp\/v2\/media?parent=5013"}],"wp:term":[{"taxonomy":"product_cat","embeddable":true,"href":"https:\/\/vohnabrindes.com.br\/index.php\/wp-json\/wp\/v2\/product_cat?post=5013"},{"taxonomy":"product_tag","embeddable":true,"href":"https:\/\/vohnabrindes.com.br\/index.php\/wp-json\/wp\/v2\/product_tag?post=5013"}],"curies":[{"name":"wp","href":"https:\/\/api.w.org\/{rel}","templated":true}]}}