{"id":5071,"date":"2025-05-30T21:39:44","date_gmt":"2025-05-31T00:39:44","guid":{"rendered":"https:\/\/vohnabrindes.com.br\/?post_type=product&#038;p=5071"},"modified":"2025-05-30T21:39:46","modified_gmt":"2025-05-31T00:39:46","slug":"avental-para-crianca-personalizado","status":"publish","type":"product","link":"https:\/\/vohnabrindes.com.br\/index.php\/product\/avental-para-crianca-personalizado\/","title":{"rendered":"Avental para crian\u00e7a personalizado."},"content":{"rendered":"<div class=\"ref\">99826-LAVENDER.<\/div>\n<div class=\"ref\">Avental para crian\u00e7a personalizado.<\/div>\n<div class=\"texto\">Avental para crian\u00e7a em non-woven \/tnt (80 g\/m\u00b2) com bolso e al\u00e7as ajust\u00e1veis.<\/div>\n<div class=\"texto\">dimens\u00f5es:400 x 600 mm | Bolso: 200 x 150 mm<\/div>\n","protected":false},"excerpt":{"rendered":"<p>99826-LAVENDER. Avental para crian\u00e7a personalizado. Avental para crian\u00e7a em non-woven \/tnt (80 g\/m\u00b2) com bolso e al\u00e7as ajust\u00e1veis. dimens\u00f5es:400 x 600 mm | Bolso: 200 x<span class=\"excerpt-hellip\"> [\u2026]<\/span><\/p>\n","protected":false},"featured_media":2261,"comment_status":"open","ping_status":"closed","template":"","meta":[],"product_cat":[395],"product_tag":[806,807,808,396,809],"class_list":["post-5071","product","type-product","status-publish","has-post-thumbnail","hentry","product_cat-kids-e-escolar","product_tag-avental-infantil-personalizado","product_tag-avental-para-crianca-personalizado","product_tag-brindes-dia-da-crianca","product_tag-brindes-infantis","product_tag-linha-kids-personalizada"],"_links":{"self":[{"href":"https:\/\/vohnabrindes.com.br\/index.php\/wp-json\/wp\/v2\/product\/5071","targetHints":{"allow":["GET"]}}],"collection":[{"href":"https:\/\/vohnabrindes.com.br\/index.php\/wp-json\/wp\/v2\/product"}],"about":[{"href":"https:\/\/vohnabrindes.com.br\/index.php\/wp-json\/wp\/v2\/types\/product"}],"replies":[{"embeddable":true,"href":"https:\/\/vohnabrindes.com.br\/index.php\/wp-json\/wp\/v2\/comments?post=5071"}],"version-history":[{"count":1,"href":"https:\/\/vohnabrindes.com.br\/index.php\/wp-json\/wp\/v2\/product\/5071\/revisions"}],"predecessor-version":[{"id":5101,"href":"https:\/\/vohnabrindes.com.br\/index.php\/wp-json\/wp\/v2\/product\/5071\/revisions\/5101"}],"wp:featuredmedia":[{"embeddable":true,"href":"https:\/\/vohnabrindes.com.br\/index.php\/wp-json\/wp\/v2\/media\/2261"}],"wp:attachment":[{"href":"https:\/\/vohnabrindes.com.br\/index.php\/wp-json\/wp\/v2\/media?parent=5071"}],"wp:term":[{"taxonomy":"product_cat","embeddable":true,"href":"https:\/\/vohnabrindes.com.br\/index.php\/wp-json\/wp\/v2\/product_cat?post=5071"},{"taxonomy":"product_tag","embeddable":true,"href":"https:\/\/vohnabrindes.com.br\/index.php\/wp-json\/wp\/v2\/product_tag?post=5071"}],"curies":[{"name":"wp","href":"https:\/\/api.w.org\/{rel}","templated":true}]}}