{"id":5076,"date":"2025-05-30T21:39:45","date_gmt":"2025-05-31T00:39:45","guid":{"rendered":"https:\/\/vohnabrindes.com.br\/?post_type=product&#038;p=5076"},"modified":"2025-05-30T21:39:46","modified_gmt":"2025-05-31T00:39:46","slug":"necessaire-ecologica-personalizada","status":"publish","type":"product","link":"https:\/\/vohnabrindes.com.br\/index.php\/product\/necessaire-ecologica-personalizada\/","title":{"rendered":"Necessaire ecol\u00f3gica personalizada."},"content":{"rendered":"<div class=\"ref\">92735-BLANCHETT.<\/div>\n<div class=\"ref\">Necessaire ecol\u00f3gica personalizada.<\/div>\n<div class=\"texto\">Bolsa de cosm\u00e9ticos 100% algod\u00e3o (280 g\/m\u00b2) com detalhes em corti\u00e7a no fundo da bolsa e puxador do fecho, que tamb\u00e9m tem a fun\u00e7\u00e3o de pega para facilitar o transporte.<\/div>\n<div class=\"texto\">O interior \u00e9 forrado, sendo de f\u00e1cil limpeza e r\u00e1pida secagem, ideal para guardar maquiagem.<\/div>\n<div class=\"texto\">dimens\u00f5es: 220 x 130 x 80 mm<\/div>\n","protected":false},"excerpt":{"rendered":"<p>92735-BLANCHETT. Necessaire ecol\u00f3gica personalizada. Bolsa de cosm\u00e9ticos 100% algod\u00e3o (280 g\/m\u00b2) com detalhes em corti\u00e7a no fundo da bolsa e puxador do fecho, que tamb\u00e9m tem<span class=\"excerpt-hellip\"> [\u2026]<\/span><\/p>\n","protected":false},"featured_media":2277,"comment_status":"open","ping_status":"closed","template":"","meta":[],"product_cat":[126,783],"product_tag":[790,816],"class_list":["post-5076","product","type-product","status-publish","has-post-thumbnail","hentry","product_cat-linha-ecologica","product_cat-necessaires","product_tag-necessaire-com-logo","product_tag-necessaire-ecologica-personalizada"],"_links":{"self":[{"href":"https:\/\/vohnabrindes.com.br\/index.php\/wp-json\/wp\/v2\/product\/5076","targetHints":{"allow":["GET"]}}],"collection":[{"href":"https:\/\/vohnabrindes.com.br\/index.php\/wp-json\/wp\/v2\/product"}],"about":[{"href":"https:\/\/vohnabrindes.com.br\/index.php\/wp-json\/wp\/v2\/types\/product"}],"replies":[{"embeddable":true,"href":"https:\/\/vohnabrindes.com.br\/index.php\/wp-json\/wp\/v2\/comments?post=5076"}],"version-history":[{"count":1,"href":"https:\/\/vohnabrindes.com.br\/index.php\/wp-json\/wp\/v2\/product\/5076\/revisions"}],"predecessor-version":[{"id":5106,"href":"https:\/\/vohnabrindes.com.br\/index.php\/wp-json\/wp\/v2\/product\/5076\/revisions\/5106"}],"wp:featuredmedia":[{"embeddable":true,"href":"https:\/\/vohnabrindes.com.br\/index.php\/wp-json\/wp\/v2\/media\/2277"}],"wp:attachment":[{"href":"https:\/\/vohnabrindes.com.br\/index.php\/wp-json\/wp\/v2\/media?parent=5076"}],"wp:term":[{"taxonomy":"product_cat","embeddable":true,"href":"https:\/\/vohnabrindes.com.br\/index.php\/wp-json\/wp\/v2\/product_cat?post=5076"},{"taxonomy":"product_tag","embeddable":true,"href":"https:\/\/vohnabrindes.com.br\/index.php\/wp-json\/wp\/v2\/product_tag?post=5076"}],"curies":[{"name":"wp","href":"https:\/\/api.w.org\/{rel}","templated":true}]}}