{"id":5144,"date":"2025-05-30T21:39:50","date_gmt":"2025-05-31T00:39:50","guid":{"rendered":"https:\/\/vohnabrindes.com.br\/?post_type=product&#038;p=5144"},"modified":"2025-05-30T21:39:53","modified_gmt":"2025-05-31T00:39:53","slug":"guarda-chuva-personalizado","status":"publish","type":"product","link":"https:\/\/vohnabrindes.com.br\/index.php\/product\/guarda-chuva-personalizado\/","title":{"rendered":"Guarda-chuva Personalizado."},"content":{"rendered":"<div class=\"ref\">99116-PATTI.<\/div>\n<div class=\"ref\">Guarda-chuva Personalizado.<\/div>\n<div class=\"texto\">Guarda-chuva em poli\u00e9ster 190T com haste em metal e pega em madeira e abertura autom\u00e1tica.<\/div>\n<div class=\"texto\">\u00f81040 x 885 mm<\/div>\n","protected":false},"excerpt":{"rendered":"<p>99116-PATTI. Guarda-chuva Personalizado. Guarda-chuva em poli\u00e9ster 190T com haste em metal e pega em madeira e abertura autom\u00e1tica. \u00f81040 x 885 mm<\/p>\n","protected":false},"featured_media":2387,"comment_status":"open","ping_status":"closed","template":"","meta":[],"product_cat":[510],"product_tag":[814],"class_list":["post-5144","product","type-product","status-publish","has-post-thumbnail","hentry","product_cat-linha-sol-e-chuva","product_tag-guarda-chuva-personalizado"],"_links":{"self":[{"href":"https:\/\/vohnabrindes.com.br\/index.php\/wp-json\/wp\/v2\/product\/5144","targetHints":{"allow":["GET"]}}],"collection":[{"href":"https:\/\/vohnabrindes.com.br\/index.php\/wp-json\/wp\/v2\/product"}],"about":[{"href":"https:\/\/vohnabrindes.com.br\/index.php\/wp-json\/wp\/v2\/types\/product"}],"replies":[{"embeddable":true,"href":"https:\/\/vohnabrindes.com.br\/index.php\/wp-json\/wp\/v2\/comments?post=5144"}],"version-history":[{"count":1,"href":"https:\/\/vohnabrindes.com.br\/index.php\/wp-json\/wp\/v2\/product\/5144\/revisions"}],"predecessor-version":[{"id":5175,"href":"https:\/\/vohnabrindes.com.br\/index.php\/wp-json\/wp\/v2\/product\/5144\/revisions\/5175"}],"wp:featuredmedia":[{"embeddable":true,"href":"https:\/\/vohnabrindes.com.br\/index.php\/wp-json\/wp\/v2\/media\/2387"}],"wp:attachment":[{"href":"https:\/\/vohnabrindes.com.br\/index.php\/wp-json\/wp\/v2\/media?parent=5144"}],"wp:term":[{"taxonomy":"product_cat","embeddable":true,"href":"https:\/\/vohnabrindes.com.br\/index.php\/wp-json\/wp\/v2\/product_cat?post=5144"},{"taxonomy":"product_tag","embeddable":true,"href":"https:\/\/vohnabrindes.com.br\/index.php\/wp-json\/wp\/v2\/product_tag?post=5144"}],"curies":[{"name":"wp","href":"https:\/\/api.w.org\/{rel}","templated":true}]}}