{"id":5277,"date":"2025-05-30T21:40:02","date_gmt":"2025-05-31T00:40:02","guid":{"rendered":"https:\/\/vohnabrindes.com.br\/?post_type=product&#038;p=5277"},"modified":"2025-05-30T21:40:05","modified_gmt":"2025-05-31T00:40:05","slug":"caneta-esferografica-metal-com-ponta-touch-personalizada-3","status":"publish","type":"product","link":"https:\/\/vohnabrindes.com.br\/index.php\/product\/caneta-esferografica-metal-com-ponta-touch-personalizada-3\/","title":{"rendered":"Caneta Esferogr\u00e1fica Metal com ponta touch personalizada."},"content":{"rendered":"<div class=\"ref\">51837-SINATRA.<\/div>\n<div class=\"ref\">Caneta Esferogr\u00e1fica Metal com ponta touch personalizada.<\/div>\n<div class=\"texto\">Esferogr\u00e1fica em alum\u00ednio com mecanismo twist, ponteira touch e clipe.<\/div>\n<div class=\"texto\">At\u00e9 2 km de escrita. Incluso embalagem de veludo. \u00f811 x 138 mm | Embalagem de veludo: 160 x 30 mm<\/div>\n","protected":false},"excerpt":{"rendered":"<p>51837-SINATRA. Caneta Esferogr\u00e1fica Metal com ponta touch personalizada. Esferogr\u00e1fica em alum\u00ednio com mecanismo twist, ponteira touch e clipe. At\u00e9 2 km de escrita. Incluso embalagem de<span class=\"excerpt-hellip\"> [\u2026]<\/span><\/p>\n","protected":false},"featured_media":2599,"comment_status":"open","ping_status":"closed","template":"","meta":[],"product_cat":[530],"product_tag":[906,221],"class_list":["post-5277","product","type-product","status-publish","has-post-thumbnail","hentry","product_cat-canetas-de-metal","product_tag-caneta-esferografica-metal-com-ponta-touch-personalizada","product_tag-caneta-personalizada"],"_links":{"self":[{"href":"https:\/\/vohnabrindes.com.br\/index.php\/wp-json\/wp\/v2\/product\/5277","targetHints":{"allow":["GET"]}}],"collection":[{"href":"https:\/\/vohnabrindes.com.br\/index.php\/wp-json\/wp\/v2\/product"}],"about":[{"href":"https:\/\/vohnabrindes.com.br\/index.php\/wp-json\/wp\/v2\/types\/product"}],"replies":[{"embeddable":true,"href":"https:\/\/vohnabrindes.com.br\/index.php\/wp-json\/wp\/v2\/comments?post=5277"}],"version-history":[{"count":1,"href":"https:\/\/vohnabrindes.com.br\/index.php\/wp-json\/wp\/v2\/product\/5277\/revisions"}],"predecessor-version":[{"id":5307,"href":"https:\/\/vohnabrindes.com.br\/index.php\/wp-json\/wp\/v2\/product\/5277\/revisions\/5307"}],"wp:featuredmedia":[{"embeddable":true,"href":"https:\/\/vohnabrindes.com.br\/index.php\/wp-json\/wp\/v2\/media\/2599"}],"wp:attachment":[{"href":"https:\/\/vohnabrindes.com.br\/index.php\/wp-json\/wp\/v2\/media?parent=5277"}],"wp:term":[{"taxonomy":"product_cat","embeddable":true,"href":"https:\/\/vohnabrindes.com.br\/index.php\/wp-json\/wp\/v2\/product_cat?post=5277"},{"taxonomy":"product_tag","embeddable":true,"href":"https:\/\/vohnabrindes.com.br\/index.php\/wp-json\/wp\/v2\/product_tag?post=5277"}],"curies":[{"name":"wp","href":"https:\/\/api.w.org\/{rel}","templated":true}]}}