{"id":5388,"date":"2025-05-30T21:40:13","date_gmt":"2025-05-31T00:40:13","guid":{"rendered":"https:\/\/vohnabrindes.com.br\/?post_type=product&#038;p=5388"},"modified":"2025-05-30T21:40:14","modified_gmt":"2025-05-31T00:40:14","slug":"garrafa-termica-de-500ml-personalizada","status":"publish","type":"product","link":"https:\/\/vohnabrindes.com.br\/index.php\/product\/garrafa-termica-de-500ml-personalizada\/","title":{"rendered":"Garrafa T\u00e9rmica de 500ml personalizada."},"content":{"rendered":"<h6 class=\"mb-3\">GA9100A<\/h6>\n<h6 class=\"mb-3\">Garrafa T\u00e9rmica de 500ml personalizada.<\/h6>\n<div class=\"d-block\">\n<div>\n<h6>Garrafa t\u00e9rmica em a\u00e7o inox com parede dupla isolada a v\u00e1cuo, capacidade de 500ml e cord\u00e3o tipo mosquet\u00e3o. Tampa rosque\u00e1vel, vedada por um anel de silicone. Possui copo adicional rosque\u00e1vel na parte inferior da garrafa. Parte superior da tampa acompanha um cord\u00e3o adicional de 68cm para substitui\u00e7\u00e3o. Permitindo uso do compartimento para pequenos objetos.<\/h6>\n<\/div>\n<\/div>\n","protected":false},"excerpt":{"rendered":"<p>GA9100A Garrafa T\u00e9rmica de 500ml personalizada. Garrafa t\u00e9rmica em a\u00e7o inox com parede dupla isolada a v\u00e1cuo, capacidade de 500ml e cord\u00e3o tipo mosquet\u00e3o. Tampa rosque\u00e1vel,<span class=\"excerpt-hellip\"> [\u2026]<\/span><\/p>\n","protected":false},"featured_media":2844,"comment_status":"open","ping_status":"closed","template":"","meta":[],"product_cat":[132,152],"product_tag":[134,959,416],"class_list":["post-5388","product","type-product","status-publish","has-post-thumbnail","hentry","product_cat-garrafas-termicas-e-kits","product_cat-lancamentos","product_tag-garrafa-termica","product_tag-garrafa-termica-de-500ml-personalizada","product_tag-garrafa-termica-personalizada"],"_links":{"self":[{"href":"https:\/\/vohnabrindes.com.br\/index.php\/wp-json\/wp\/v2\/product\/5388","targetHints":{"allow":["GET"]}}],"collection":[{"href":"https:\/\/vohnabrindes.com.br\/index.php\/wp-json\/wp\/v2\/product"}],"about":[{"href":"https:\/\/vohnabrindes.com.br\/index.php\/wp-json\/wp\/v2\/types\/product"}],"replies":[{"embeddable":true,"href":"https:\/\/vohnabrindes.com.br\/index.php\/wp-json\/wp\/v2\/comments?post=5388"}],"version-history":[{"count":1,"href":"https:\/\/vohnabrindes.com.br\/index.php\/wp-json\/wp\/v2\/product\/5388\/revisions"}],"predecessor-version":[{"id":5418,"href":"https:\/\/vohnabrindes.com.br\/index.php\/wp-json\/wp\/v2\/product\/5388\/revisions\/5418"}],"wp:featuredmedia":[{"embeddable":true,"href":"https:\/\/vohnabrindes.com.br\/index.php\/wp-json\/wp\/v2\/media\/2844"}],"wp:attachment":[{"href":"https:\/\/vohnabrindes.com.br\/index.php\/wp-json\/wp\/v2\/media?parent=5388"}],"wp:term":[{"taxonomy":"product_cat","embeddable":true,"href":"https:\/\/vohnabrindes.com.br\/index.php\/wp-json\/wp\/v2\/product_cat?post=5388"},{"taxonomy":"product_tag","embeddable":true,"href":"https:\/\/vohnabrindes.com.br\/index.php\/wp-json\/wp\/v2\/product_tag?post=5388"}],"curies":[{"name":"wp","href":"https:\/\/api.w.org\/{rel}","templated":true}]}}