{"id":5393,"date":"2025-05-30T21:40:13","date_gmt":"2025-05-31T00:40:13","guid":{"rendered":"https:\/\/vohnabrindes.com.br\/?post_type=product&#038;p=5393"},"modified":"2025-05-30T21:40:15","modified_gmt":"2025-05-31T00:40:15","slug":"bateria-portatil-e-carregador-wireless-personalizada","status":"publish","type":"product","link":"https:\/\/vohnabrindes.com.br\/index.php\/product\/bateria-portatil-e-carregador-wireless-personalizada\/","title":{"rendered":"Bateria port\u00e1til e carregador wireless personalizada."},"content":{"rendered":"<h6 class=\"ref\">57078CASSINI 4.0.<\/h6>\n<h6 class=\"ref\">Bateria port\u00e1til e carregador wireless em alum\u00ednio com bateria de pol\u00edmero de l\u00edtio 4.000 mAh<\/h6>\n<div class=\"texto\">Bateria port\u00e1til e carregador wireless em alum\u00ednio com bateria de pol\u00edmero de l\u00edtio. Cont\u00e9m uma capacidade de 4.000 mAh e tempo de vida de \u2265 500 ciclos. Entrada 5V\/2A e sa\u00edda 5V\/2A com pot\u00eancia de carregamento de 5W e LED indicador de carga. Incluso cabo USB para carregar a bateria. Fornecida em caixa presente. 123 x 70 x 10 mm<\/div>\n","protected":false},"excerpt":{"rendered":"<p>57078CASSINI 4.0. Bateria port\u00e1til e carregador wireless em alum\u00ednio com bateria de pol\u00edmero de l\u00edtio 4.000 mAh Bateria port\u00e1til e carregador wireless em alum\u00ednio com bateria<span class=\"excerpt-hellip\"> [\u2026]<\/span><\/p>\n","protected":false},"featured_media":2858,"comment_status":"open","ping_status":"closed","template":"","meta":[],"product_cat":[125],"product_tag":[963,528],"class_list":["post-5393","product","type-product","status-publish","has-post-thumbnail","hentry","product_cat-carregadores-powerbank","product_tag-bateria-portatil-e-carregador-wireless-personalizada","product_tag-carregador-wireless-personalizada"],"_links":{"self":[{"href":"https:\/\/vohnabrindes.com.br\/index.php\/wp-json\/wp\/v2\/product\/5393","targetHints":{"allow":["GET"]}}],"collection":[{"href":"https:\/\/vohnabrindes.com.br\/index.php\/wp-json\/wp\/v2\/product"}],"about":[{"href":"https:\/\/vohnabrindes.com.br\/index.php\/wp-json\/wp\/v2\/types\/product"}],"replies":[{"embeddable":true,"href":"https:\/\/vohnabrindes.com.br\/index.php\/wp-json\/wp\/v2\/comments?post=5393"}],"version-history":[{"count":1,"href":"https:\/\/vohnabrindes.com.br\/index.php\/wp-json\/wp\/v2\/product\/5393\/revisions"}],"predecessor-version":[{"id":5423,"href":"https:\/\/vohnabrindes.com.br\/index.php\/wp-json\/wp\/v2\/product\/5393\/revisions\/5423"}],"wp:featuredmedia":[{"embeddable":true,"href":"https:\/\/vohnabrindes.com.br\/index.php\/wp-json\/wp\/v2\/media\/2858"}],"wp:attachment":[{"href":"https:\/\/vohnabrindes.com.br\/index.php\/wp-json\/wp\/v2\/media?parent=5393"}],"wp:term":[{"taxonomy":"product_cat","embeddable":true,"href":"https:\/\/vohnabrindes.com.br\/index.php\/wp-json\/wp\/v2\/product_cat?post=5393"},{"taxonomy":"product_tag","embeddable":true,"href":"https:\/\/vohnabrindes.com.br\/index.php\/wp-json\/wp\/v2\/product_tag?post=5393"}],"curies":[{"name":"wp","href":"https:\/\/api.w.org\/{rel}","templated":true}]}}