{"id":5395,"date":"2025-05-30T21:40:13","date_gmt":"2025-05-31T00:40:13","guid":{"rendered":"https:\/\/vohnabrindes.com.br\/?post_type=product&#038;p=5395"},"modified":"2025-05-30T21:40:15","modified_gmt":"2025-05-31T00:40:15","slug":"carregador-wireless-personalizado-2","status":"publish","type":"product","link":"https:\/\/vohnabrindes.com.br\/index.php\/product\/carregador-wireless-personalizado-2\/","title":{"rendered":"Carregador wireless personalizado."},"content":{"rendered":"<div class=\"ref\">57929-CUVIER II.<\/div>\n<div class=\"ref\">Carregador wireless personalizado.<\/div>\n<div class=\"texto\">Carregador wireless em ABS e fibra de palha de trigo. A pot\u00eancia de carregamento \u00e9 de 15W, com entrada 5V\/2A. A base cont\u00e9m um c\u00edrculo em silicone para o equipamento n\u00e3o se mova enquanto carrega. Incluso cabo USB-A \/ USB-C de 1 m. Fornecido em caixa presente de papel kraft. \u00f870 x 10 mm<\/div>\n","protected":false},"excerpt":{"rendered":"<p>57929-CUVIER II. Carregador wireless personalizado. Carregador wireless em ABS e fibra de palha de trigo. A pot\u00eancia de carregamento \u00e9 de 15W, com entrada 5V\/2A. A<span class=\"excerpt-hellip\"> [\u2026]<\/span><\/p>\n","protected":false},"featured_media":2866,"comment_status":"open","ping_status":"closed","template":"","meta":[],"product_cat":[125,126],"product_tag":[128,527],"class_list":["post-5395","product","type-product","status-publish","has-post-thumbnail","hentry","product_cat-carregadores-powerbank","product_cat-linha-ecologica","product_tag-carregador-power-bank-personalizado","product_tag-carregador-wireless-personalizado"],"_links":{"self":[{"href":"https:\/\/vohnabrindes.com.br\/index.php\/wp-json\/wp\/v2\/product\/5395","targetHints":{"allow":["GET"]}}],"collection":[{"href":"https:\/\/vohnabrindes.com.br\/index.php\/wp-json\/wp\/v2\/product"}],"about":[{"href":"https:\/\/vohnabrindes.com.br\/index.php\/wp-json\/wp\/v2\/types\/product"}],"replies":[{"embeddable":true,"href":"https:\/\/vohnabrindes.com.br\/index.php\/wp-json\/wp\/v2\/comments?post=5395"}],"version-history":[{"count":1,"href":"https:\/\/vohnabrindes.com.br\/index.php\/wp-json\/wp\/v2\/product\/5395\/revisions"}],"predecessor-version":[{"id":5425,"href":"https:\/\/vohnabrindes.com.br\/index.php\/wp-json\/wp\/v2\/product\/5395\/revisions\/5425"}],"wp:featuredmedia":[{"embeddable":true,"href":"https:\/\/vohnabrindes.com.br\/index.php\/wp-json\/wp\/v2\/media\/2866"}],"wp:attachment":[{"href":"https:\/\/vohnabrindes.com.br\/index.php\/wp-json\/wp\/v2\/media?parent=5395"}],"wp:term":[{"taxonomy":"product_cat","embeddable":true,"href":"https:\/\/vohnabrindes.com.br\/index.php\/wp-json\/wp\/v2\/product_cat?post=5395"},{"taxonomy":"product_tag","embeddable":true,"href":"https:\/\/vohnabrindes.com.br\/index.php\/wp-json\/wp\/v2\/product_tag?post=5395"}],"curies":[{"name":"wp","href":"https:\/\/api.w.org\/{rel}","templated":true}]}}