{"id":5400,"date":"2025-05-30T21:40:13","date_gmt":"2025-05-31T00:40:13","guid":{"rendered":"https:\/\/vohnabrindes.com.br\/?post_type=product&#038;p=5400"},"modified":"2025-05-30T21:40:15","modified_gmt":"2025-05-31T00:40:15","slug":"caderneta-com-autoadesivos-e-caneta-ecologica-personalizada","status":"publish","type":"product","link":"https:\/\/vohnabrindes.com.br\/index.php\/product\/caderneta-com-autoadesivos-e-caneta-ecologica-personalizada\/","title":{"rendered":"Caderneta com Autoadesivos e Caneta ecol\u00f3gica personalizada."},"content":{"rendered":"<h6 id=\"item_referencia\">11195-\u00a0 Caderneta com Autoadesivos e Caneta<\/h6>\n<div class=\"caracs\">\n<p class=\"desc-tit\"><span class=\"desc-sub my-desc-sub\">Caderneta ecol\u00f3gica com autoadesivos e caneta, com capa produzida em papel\u00e3o kraft. Cont\u00e9m miolo com aproximadamente 70 folhas pautadas, suporte de nylon acompanhando, caneta de papel\u00e3o com clip e ponteira de pl\u00e1stico com carga esferogr\u00e1fica 1.0mm e acionamento por clique. Bloco autoadesivo amarelo com aproximadamente 20 folhas, bloco verde com aproximadamente 20 folhas, cinco blocos coloridos autoadesivos com aproximadamente 20 folhas, 3 blocos coloridos com aproximadamente 20 folhas.<\/span><\/p>\n<h6 class=\"desc\">Tamanho total aproximado<\/h6>\n<p class=\"desc-tit\">altura<span class=\"desc-sub\"> :\u00a0 21,2 cm x <\/span>Largura<span class=\"desc-sub\"> :\u00a0 17,6 cm x <\/span>Espessura<span class=\"desc-sub\"> :\u00a0 2,4 cm\u00a0 e <\/span>\u00a0<span class=\"desc-sub\">\u00a0(CxL):\u00a0 Caneta: 14 cm x 1,2 cm<\/span><\/p>\n<div class=\"desc\">\n<h6 class=\"desc-tit\">Peso aproximado<span class=\"desc-sub\">\u00a0(g):\u00a0 311<\/span><\/h6>\n<\/div>\n<\/div>\n","protected":false},"excerpt":{"rendered":"<p>11195-\u00a0 Caderneta com Autoadesivos e Caneta Caderneta ecol\u00f3gica com autoadesivos e caneta, com capa produzida em papel\u00e3o kraft. Cont\u00e9m miolo com aproximadamente 70 folhas pautadas, suporte<span class=\"excerpt-hellip\"> [\u2026]<\/span><\/p>\n","protected":false},"featured_media":2876,"comment_status":"open","ping_status":"closed","template":"","meta":[],"product_cat":[146],"product_tag":[951,163,802],"class_list":["post-5400","product","type-product","status-publish","has-post-thumbnail","hentry","product_cat-blocos-e-cadernetas","product_tag-bloco-de-anotacoes-com-caneta-com-logomarca","product_tag-bloco-de-anotacoes-ecologico","product_tag-bloco-de-anotacoes-ecologico-personalizado"],"_links":{"self":[{"href":"https:\/\/vohnabrindes.com.br\/index.php\/wp-json\/wp\/v2\/product\/5400","targetHints":{"allow":["GET"]}}],"collection":[{"href":"https:\/\/vohnabrindes.com.br\/index.php\/wp-json\/wp\/v2\/product"}],"about":[{"href":"https:\/\/vohnabrindes.com.br\/index.php\/wp-json\/wp\/v2\/types\/product"}],"replies":[{"embeddable":true,"href":"https:\/\/vohnabrindes.com.br\/index.php\/wp-json\/wp\/v2\/comments?post=5400"}],"version-history":[{"count":1,"href":"https:\/\/vohnabrindes.com.br\/index.php\/wp-json\/wp\/v2\/product\/5400\/revisions"}],"predecessor-version":[{"id":5430,"href":"https:\/\/vohnabrindes.com.br\/index.php\/wp-json\/wp\/v2\/product\/5400\/revisions\/5430"}],"wp:featuredmedia":[{"embeddable":true,"href":"https:\/\/vohnabrindes.com.br\/index.php\/wp-json\/wp\/v2\/media\/2876"}],"wp:attachment":[{"href":"https:\/\/vohnabrindes.com.br\/index.php\/wp-json\/wp\/v2\/media?parent=5400"}],"wp:term":[{"taxonomy":"product_cat","embeddable":true,"href":"https:\/\/vohnabrindes.com.br\/index.php\/wp-json\/wp\/v2\/product_cat?post=5400"},{"taxonomy":"product_tag","embeddable":true,"href":"https:\/\/vohnabrindes.com.br\/index.php\/wp-json\/wp\/v2\/product_tag?post=5400"}],"curies":[{"name":"wp","href":"https:\/\/api.w.org\/{rel}","templated":true}]}}