{"id":5434,"date":"2025-05-30T21:40:16","date_gmt":"2025-05-31T00:40:16","guid":{"rendered":"https:\/\/vohnabrindes.com.br\/?post_type=product&#038;p=5434"},"modified":"2025-05-30T21:40:17","modified_gmt":"2025-05-31T00:40:17","slug":"caixa-de-som-com-luminaria-personalizada","status":"publish","type":"product","link":"https:\/\/vohnabrindes.com.br\/index.php\/product\/caixa-de-som-com-luminaria-personalizada\/","title":{"rendered":"Caixa de Som com Lumin\u00e1ria personalizada."},"content":{"rendered":"<h6 id=\"item_referencia\">06092<\/h6>\n<h6 class=\"produto-nome\">Caixa de Som com Lumin\u00e1ria personalizada.<\/h6>\n<div class=\"caracs\">\n<p class=\"desc-tit\"><span class=\"desc-sub my-desc-sub\">Caixa de som com lumin\u00e1ria. Possui 8 modos de ilumina\u00e7\u00e3o, opera nos modos bluetooth, r\u00e1dio FM e TF (cart\u00e3o MicroSD).<\/span><\/p>\n<p class=\"desc-tit\">Altura<span class=\"desc-sub\"> :\u00a0 13,7 cm x <\/span>Largura<span class=\"desc-sub\"> :\u00a0 12 cm x <\/span>Espessura<span class=\"desc-sub\"> :\u00a0 4,2 cm<\/span><\/p>\n<div class=\"desc\">\n<h6 class=\"desc-tit\">Peso aproximado<span class=\"desc-sub\">\u00a0(g):\u00a0 267<\/span><\/h6>\n<\/div>\n<\/div>\n","protected":false},"excerpt":{"rendered":"<p>06092 Caixa de Som com Lumin\u00e1ria personalizada. Caixa de som com lumin\u00e1ria. Possui 8 modos de ilumina\u00e7\u00e3o, opera nos modos bluetooth, r\u00e1dio FM e TF (cart\u00e3o<span class=\"excerpt-hellip\"> [\u2026]<\/span><\/p>\n","protected":false},"featured_media":2891,"comment_status":"open","ping_status":"closed","template":"","meta":[],"product_cat":[377],"product_tag":[971,378],"class_list":["post-5434","product","type-product","status-publish","has-post-thumbnail","hentry","product_cat-informatica-som-e-tecnologia","product_tag-caixa-de-som-com-luminaria-personalizada","product_tag-caixa-de-som-personalizada"],"_links":{"self":[{"href":"https:\/\/vohnabrindes.com.br\/index.php\/wp-json\/wp\/v2\/product\/5434","targetHints":{"allow":["GET"]}}],"collection":[{"href":"https:\/\/vohnabrindes.com.br\/index.php\/wp-json\/wp\/v2\/product"}],"about":[{"href":"https:\/\/vohnabrindes.com.br\/index.php\/wp-json\/wp\/v2\/types\/product"}],"replies":[{"embeddable":true,"href":"https:\/\/vohnabrindes.com.br\/index.php\/wp-json\/wp\/v2\/comments?post=5434"}],"version-history":[{"count":1,"href":"https:\/\/vohnabrindes.com.br\/index.php\/wp-json\/wp\/v2\/product\/5434\/revisions"}],"predecessor-version":[{"id":5464,"href":"https:\/\/vohnabrindes.com.br\/index.php\/wp-json\/wp\/v2\/product\/5434\/revisions\/5464"}],"wp:featuredmedia":[{"embeddable":true,"href":"https:\/\/vohnabrindes.com.br\/index.php\/wp-json\/wp\/v2\/media\/2891"}],"wp:attachment":[{"href":"https:\/\/vohnabrindes.com.br\/index.php\/wp-json\/wp\/v2\/media?parent=5434"}],"wp:term":[{"taxonomy":"product_cat","embeddable":true,"href":"https:\/\/vohnabrindes.com.br\/index.php\/wp-json\/wp\/v2\/product_cat?post=5434"},{"taxonomy":"product_tag","embeddable":true,"href":"https:\/\/vohnabrindes.com.br\/index.php\/wp-json\/wp\/v2\/product_tag?post=5434"}],"curies":[{"name":"wp","href":"https:\/\/api.w.org\/{rel}","templated":true}]}}