{"id":5515,"date":"2025-05-30T21:40:22","date_gmt":"2025-05-31T00:40:22","guid":{"rendered":"https:\/\/vohnabrindes.com.br\/?post_type=product&#038;p=5515"},"modified":"2025-05-30T21:40:24","modified_gmt":"2025-05-31T00:40:24","slug":"bloco-de-anotacoes-estilo-moleskine-ecologica","status":"publish","type":"product","link":"https:\/\/vohnabrindes.com.br\/index.php\/product\/bloco-de-anotacoes-estilo-moleskine-ecologica\/","title":{"rendered":"Bloco de anota\u00e7\u00f5es estilo moleskine ecol\u00f3gica."},"content":{"rendered":"<h6 class=\"ref\">93281-ORWELL.<\/h6>\n<h6 class=\"ref\">Bloco de anota\u00e7\u00f5es estilo moleskine<\/h6>\n<h6 class=\"ref\">tamanho A5 de capa dura em folha de bambu e corti\u00e7a com folhas pautadas.<\/p>\n<p>Caderno A5 de capa dura em folha de bambu e corti\u00e7a. Cont\u00e9m 80 folhas, em papel reciclado, pautadas cor de marfim, fita separadora, suporte para esferogr\u00e1fica (n\u00e3o inclusa) e el\u00e1stico para fecho do caderno.<\/h6>\n<h6 class=\"ref\">A cor e o resultado da impress\u00e3o nos materiais naturais pode variar entre produtos. 140 x 210 mm<\/h6>\n","protected":false},"excerpt":{"rendered":"<p>93281-ORWELL. Bloco de anota\u00e7\u00f5es estilo moleskine tamanho A5 de capa dura em folha de bambu e corti\u00e7a com folhas pautadas. Caderno A5 de capa dura em<span class=\"excerpt-hellip\"> [\u2026]<\/span><\/p>\n","protected":false},"featured_media":3106,"comment_status":"open","ping_status":"closed","template":"","meta":[],"product_cat":[146],"product_tag":[803,1024,1025],"class_list":["post-5515","product","type-product","status-publish","has-post-thumbnail","hentry","product_cat-blocos-e-cadernetas","product_tag-bloco-de-anotacoes-ecologicamente-correto-personalizado","product_tag-bloco-de-anotacoes-estilo-moleskine-ecologica","product_tag-moleskine-personalizada"],"_links":{"self":[{"href":"https:\/\/vohnabrindes.com.br\/index.php\/wp-json\/wp\/v2\/product\/5515","targetHints":{"allow":["GET"]}}],"collection":[{"href":"https:\/\/vohnabrindes.com.br\/index.php\/wp-json\/wp\/v2\/product"}],"about":[{"href":"https:\/\/vohnabrindes.com.br\/index.php\/wp-json\/wp\/v2\/types\/product"}],"replies":[{"embeddable":true,"href":"https:\/\/vohnabrindes.com.br\/index.php\/wp-json\/wp\/v2\/comments?post=5515"}],"version-history":[{"count":1,"href":"https:\/\/vohnabrindes.com.br\/index.php\/wp-json\/wp\/v2\/product\/5515\/revisions"}],"predecessor-version":[{"id":5545,"href":"https:\/\/vohnabrindes.com.br\/index.php\/wp-json\/wp\/v2\/product\/5515\/revisions\/5545"}],"wp:featuredmedia":[{"embeddable":true,"href":"https:\/\/vohnabrindes.com.br\/index.php\/wp-json\/wp\/v2\/media\/3106"}],"wp:attachment":[{"href":"https:\/\/vohnabrindes.com.br\/index.php\/wp-json\/wp\/v2\/media?parent=5515"}],"wp:term":[{"taxonomy":"product_cat","embeddable":true,"href":"https:\/\/vohnabrindes.com.br\/index.php\/wp-json\/wp\/v2\/product_cat?post=5515"},{"taxonomy":"product_tag","embeddable":true,"href":"https:\/\/vohnabrindes.com.br\/index.php\/wp-json\/wp\/v2\/product_tag?post=5515"}],"curies":[{"name":"wp","href":"https:\/\/api.w.org\/{rel}","templated":true}]}}