{"id":5516,"date":"2025-05-30T21:40:22","date_gmt":"2025-05-31T00:40:22","guid":{"rendered":"https:\/\/vohnabrindes.com.br\/?post_type=product&#038;p=5516"},"modified":"2025-05-30T21:40:24","modified_gmt":"2025-05-31T00:40:24","slug":"moleskine-ecologicamente-correto-personalizado","status":"publish","type":"product","link":"https:\/\/vohnabrindes.com.br\/index.php\/product\/moleskine-ecologicamente-correto-personalizado\/","title":{"rendered":"Moleskine ecologicamente correto personalizado."},"content":{"rendered":"<div class=\"ref\">93297-ANNE.<\/div>\n<div class=\"ref\">Moleskine personalizado.<\/div>\n<div class=\"ref\">Caderno A5 de capa dura em poli\u00e9ster 100% reciclado (100% rPET) com cantos redondos e folhas pautadas<\/div>\n<div class=\"texto\">Caderno A5 de capa dura em poli\u00e9ster 100% reciclado (100% rPET) com cantos redondos. Cont\u00e9m 80 folhas pautadas em papel cor de marfim reciclado, fita separadora, suporte para esferogr\u00e1fica (n\u00e3o inclusa) e el\u00e1stico para fecho do caderno. Na parte inferior da lombada, tem impresso em branco o s\u00edmbolo do rPET. 143 x 211 mm<\/div>\n","protected":false},"excerpt":{"rendered":"<p>93297-ANNE. Moleskine personalizado. Caderno A5 de capa dura em poli\u00e9ster 100% reciclado (100% rPET) com cantos redondos e folhas pautadas Caderno A5 de capa dura em<span class=\"excerpt-hellip\"> [\u2026]<\/span><\/p>\n","protected":false},"featured_media":3108,"comment_status":"open","ping_status":"closed","template":"","meta":[],"product_cat":[146],"product_tag":[148,216,952,1026],"class_list":["post-5516","product","type-product","status-publish","has-post-thumbnail","hentry","product_cat-blocos-e-cadernetas","product_tag-bloco-de-anotacoes","product_tag-bloco-de-anotacoes-com-logo","product_tag-bloco-de-anotacoes-ecologico-com-caneta-personalizada","product_tag-moleskine-ecologicamente-correto-personalizado"],"_links":{"self":[{"href":"https:\/\/vohnabrindes.com.br\/index.php\/wp-json\/wp\/v2\/product\/5516","targetHints":{"allow":["GET"]}}],"collection":[{"href":"https:\/\/vohnabrindes.com.br\/index.php\/wp-json\/wp\/v2\/product"}],"about":[{"href":"https:\/\/vohnabrindes.com.br\/index.php\/wp-json\/wp\/v2\/types\/product"}],"replies":[{"embeddable":true,"href":"https:\/\/vohnabrindes.com.br\/index.php\/wp-json\/wp\/v2\/comments?post=5516"}],"version-history":[{"count":1,"href":"https:\/\/vohnabrindes.com.br\/index.php\/wp-json\/wp\/v2\/product\/5516\/revisions"}],"predecessor-version":[{"id":5546,"href":"https:\/\/vohnabrindes.com.br\/index.php\/wp-json\/wp\/v2\/product\/5516\/revisions\/5546"}],"wp:featuredmedia":[{"embeddable":true,"href":"https:\/\/vohnabrindes.com.br\/index.php\/wp-json\/wp\/v2\/media\/3108"}],"wp:attachment":[{"href":"https:\/\/vohnabrindes.com.br\/index.php\/wp-json\/wp\/v2\/media?parent=5516"}],"wp:term":[{"taxonomy":"product_cat","embeddable":true,"href":"https:\/\/vohnabrindes.com.br\/index.php\/wp-json\/wp\/v2\/product_cat?post=5516"},{"taxonomy":"product_tag","embeddable":true,"href":"https:\/\/vohnabrindes.com.br\/index.php\/wp-json\/wp\/v2\/product_tag?post=5516"}],"curies":[{"name":"wp","href":"https:\/\/api.w.org\/{rel}","templated":true}]}}