{"id":5521,"date":"2025-05-30T21:40:22","date_gmt":"2025-05-31T00:40:22","guid":{"rendered":"https:\/\/vohnabrindes.com.br\/?post_type=product&#038;p=5521"},"modified":"2025-05-30T21:40:25","modified_gmt":"2025-05-31T00:40:25","slug":"fones-de-ouvido-wireless-personalizado","status":"publish","type":"product","link":"https:\/\/vohnabrindes.com.br\/index.php\/product\/fones-de-ouvido-wireless-personalizado\/","title":{"rendered":"Fones de ouvido wireless personalizado."},"content":{"rendered":"<div class=\"ref\">57937-RUBIN WH.<\/div>\n<div><\/div>\n<div class=\"ref\">Fones de ouvido wireless personalizado.<\/div>\n<div class=\"texto\">Fone de ouvido wireless stereo em ABS com transmiss\u00e3o sem fios BT v5.0 e autonomia aproximada de 3 horas. O estojo de carregamento, com uma bateria 250 mAh, \u00e9 tamb\u00e9m em ABS e cont\u00e9m uma presilha em silicone que permite transportar e carregar os fones de forma f\u00e1cil e confort\u00e1vel. Produto com cabo de carregamento micro USB incluso. Fornecido em caixa presente. 77 x 36 x 30 mm<\/div>\n","protected":false},"excerpt":{"rendered":"<p>57937-RUBIN WH. Fones de ouvido wireless personalizado. Fone de ouvido wireless stereo em ABS com transmiss\u00e3o sem fios BT v5.0 e autonomia aproximada de 3 horas.<span class=\"excerpt-hellip\"> [\u2026]<\/span><\/p>\n","protected":false},"featured_media":3122,"comment_status":"open","ping_status":"closed","template":"","meta":[],"product_cat":[1015],"product_tag":[270,1031,1032],"class_list":["post-5521","product","type-product","status-publish","has-post-thumbnail","hentry","product_cat-fones-de-ouvido","product_tag-fone-de-ouvido-com-logo","product_tag-fone-de-ouvido-personalizado","product_tag-fones-de-ouvido-wireless-personalizado"],"_links":{"self":[{"href":"https:\/\/vohnabrindes.com.br\/index.php\/wp-json\/wp\/v2\/product\/5521","targetHints":{"allow":["GET"]}}],"collection":[{"href":"https:\/\/vohnabrindes.com.br\/index.php\/wp-json\/wp\/v2\/product"}],"about":[{"href":"https:\/\/vohnabrindes.com.br\/index.php\/wp-json\/wp\/v2\/types\/product"}],"replies":[{"embeddable":true,"href":"https:\/\/vohnabrindes.com.br\/index.php\/wp-json\/wp\/v2\/comments?post=5521"}],"version-history":[{"count":1,"href":"https:\/\/vohnabrindes.com.br\/index.php\/wp-json\/wp\/v2\/product\/5521\/revisions"}],"predecessor-version":[{"id":5551,"href":"https:\/\/vohnabrindes.com.br\/index.php\/wp-json\/wp\/v2\/product\/5521\/revisions\/5551"}],"wp:featuredmedia":[{"embeddable":true,"href":"https:\/\/vohnabrindes.com.br\/index.php\/wp-json\/wp\/v2\/media\/3122"}],"wp:attachment":[{"href":"https:\/\/vohnabrindes.com.br\/index.php\/wp-json\/wp\/v2\/media?parent=5521"}],"wp:term":[{"taxonomy":"product_cat","embeddable":true,"href":"https:\/\/vohnabrindes.com.br\/index.php\/wp-json\/wp\/v2\/product_cat?post=5521"},{"taxonomy":"product_tag","embeddable":true,"href":"https:\/\/vohnabrindes.com.br\/index.php\/wp-json\/wp\/v2\/product_tag?post=5521"}],"curies":[{"name":"wp","href":"https:\/\/api.w.org\/{rel}","templated":true}]}}