{"id":5555,"date":"2025-05-30T21:40:25","date_gmt":"2025-05-31T00:40:25","guid":{"rendered":"https:\/\/vohnabrindes.com.br\/?post_type=product&#038;p=5555"},"modified":"2025-05-30T21:40:27","modified_gmt":"2025-05-31T00:40:27","slug":"pasta-convencao-com-fecho-imantado-personalizado","status":"publish","type":"product","link":"https:\/\/vohnabrindes.com.br\/index.php\/product\/pasta-convencao-com-fecho-imantado-personalizado\/","title":{"rendered":"Pasta Conven\u00e7\u00e3o com Fecho Imantado personalizado."},"content":{"rendered":"<pre id=\"item_referencia\">08020<\/pre>\n<p class=\"produto-nome\">Pasta Conven\u00e7\u00e3o com Fecho Imantado personalizado.<\/p>\n<div class=\"caracs\">\n<div class=\"desc\">\n<p class=\"desc-tit\"><span class=\"desc-sub my-desc-sub\">Organiza\u00e7\u00e3o impec\u00e1vel com estilo profissional. Nossa pasta executiva, feita em couro sint\u00e9tico de alta qualidade, acompanha um bloco de aproximadamente 20 folhas pautadas remov\u00edveis para anota\u00e7\u00f5es, suporte para caneta, bolsos para organizar folhas ou documentos, suporte para cart\u00f5es, incluindo um com visor de identifica\u00e7\u00e3o. Al\u00e9m disso, possui fechamento magn\u00e9tico, unindo praticidade e eleg\u00e2ncia em um \u00fanico produto.<\/span><\/p>\n<\/div>\n<div class=\"desc\">\n<p class=\"desc-tit\">Altura<span class=\"desc-sub\">\u00a0:\u00a0 32 cm<\/span><\/p>\n<\/div>\n<div class=\"desc\">\n<p class=\"desc-tit\">Largura<span class=\"desc-sub\">\u00a0:\u00a0 24,1 cm<\/span><\/p>\n<\/div>\n<div class=\"desc\">\n<p class=\"desc-tit\">Espessura<span class=\"desc-sub\">\u00a0:\u00a0 2,3 cm<\/span><\/p>\n<\/div>\n<div class=\"desc\">\n<p class=\"desc-tit\">Medidas aproximadas para grava\u00e7\u00e3o<span class=\"desc-sub\">\u00a0(CxL):\u00a0 9 cm x 14 cm<\/span><\/p>\n<\/div>\n<div class=\"desc\">\n<p class=\"desc-tit\">Peso aproximado<span class=\"desc-sub\">\u00a0(g):\u00a0 54<\/span><\/p>\n<\/div>\n<\/div>\n","protected":false},"excerpt":{"rendered":"<p>08020 Pasta Conven\u00e7\u00e3o com Fecho Imantado personalizado. Organiza\u00e7\u00e3o impec\u00e1vel com estilo profissional. Nossa pasta executiva, feita em couro sint\u00e9tico de alta qualidade, acompanha um bloco de<span class=\"excerpt-hellip\"> [\u2026]<\/span><\/p>\n","protected":false},"featured_media":3134,"comment_status":"open","ping_status":"closed","template":"","meta":[],"product_cat":[144,152,171],"product_tag":[1035,1036,680],"class_list":["post-5555","product","type-product","status-publish","has-post-thumbnail","hentry","product_cat-cadernos-e-pastas","product_cat-lancamentos","product_cat-mochilas-e-malas","product_tag-pasta-convencao-com-fecho-imantado-personalizado","product_tag-pasta-executiva-personalizada","product_tag-pasta-personalizada"],"_links":{"self":[{"href":"https:\/\/vohnabrindes.com.br\/index.php\/wp-json\/wp\/v2\/product\/5555","targetHints":{"allow":["GET"]}}],"collection":[{"href":"https:\/\/vohnabrindes.com.br\/index.php\/wp-json\/wp\/v2\/product"}],"about":[{"href":"https:\/\/vohnabrindes.com.br\/index.php\/wp-json\/wp\/v2\/types\/product"}],"replies":[{"embeddable":true,"href":"https:\/\/vohnabrindes.com.br\/index.php\/wp-json\/wp\/v2\/comments?post=5555"}],"version-history":[{"count":1,"href":"https:\/\/vohnabrindes.com.br\/index.php\/wp-json\/wp\/v2\/product\/5555\/revisions"}],"predecessor-version":[{"id":5585,"href":"https:\/\/vohnabrindes.com.br\/index.php\/wp-json\/wp\/v2\/product\/5555\/revisions\/5585"}],"wp:featuredmedia":[{"embeddable":true,"href":"https:\/\/vohnabrindes.com.br\/index.php\/wp-json\/wp\/v2\/media\/3134"}],"wp:attachment":[{"href":"https:\/\/vohnabrindes.com.br\/index.php\/wp-json\/wp\/v2\/media?parent=5555"}],"wp:term":[{"taxonomy":"product_cat","embeddable":true,"href":"https:\/\/vohnabrindes.com.br\/index.php\/wp-json\/wp\/v2\/product_cat?post=5555"},{"taxonomy":"product_tag","embeddable":true,"href":"https:\/\/vohnabrindes.com.br\/index.php\/wp-json\/wp\/v2\/product_tag?post=5555"}],"curies":[{"name":"wp","href":"https:\/\/api.w.org\/{rel}","templated":true}]}}