{"id":5557,"date":"2025-05-30T21:40:25","date_gmt":"2025-05-31T00:40:25","guid":{"rendered":"https:\/\/vohnabrindes.com.br\/?post_type=product&#038;p=5557"},"modified":"2025-05-30T21:40:27","modified_gmt":"2025-05-31T00:40:27","slug":"pasta-de-congresso-personalizada","status":"publish","type":"product","link":"https:\/\/vohnabrindes.com.br\/index.php\/product\/pasta-de-congresso-personalizada\/","title":{"rendered":"Pasta de congresso personalizada."},"content":{"rendered":"<div class=\"ref\">92316-MILO.<\/div>\n<div class=\"ref\">Pasta de congresso personalizada.<\/div>\n<div class=\"texto\">Pasta congresso em poli\u00e9ster 600D com 1 bolso principal e z\u00edper.<\/div>\n<div class=\"texto\">Indicada para transportar documentos.<\/div>\n<div class=\"texto\">dimens\u00f5es: 390 x 300 x 40 mm<\/div>\n","protected":false},"excerpt":{"rendered":"<p>92316-MILO. Pasta de congresso personalizada. Pasta congresso em poli\u00e9ster 600D com 1 bolso principal e z\u00edper. Indicada para transportar documentos. dimens\u00f5es: 390 x 300 x 40<span class=\"excerpt-hellip\"> [\u2026]<\/span><\/p>\n","protected":false},"featured_media":3138,"comment_status":"open","ping_status":"closed","template":"","meta":[],"product_cat":[144],"product_tag":[1040,1038,680],"class_list":["post-5557","product","type-product","status-publish","has-post-thumbnail","hentry","product_cat-cadernos-e-pastas","product_tag-pasta-de-congresso-personalizada","product_tag-pasta-para-eventos","product_tag-pasta-personalizada"],"_links":{"self":[{"href":"https:\/\/vohnabrindes.com.br\/index.php\/wp-json\/wp\/v2\/product\/5557","targetHints":{"allow":["GET"]}}],"collection":[{"href":"https:\/\/vohnabrindes.com.br\/index.php\/wp-json\/wp\/v2\/product"}],"about":[{"href":"https:\/\/vohnabrindes.com.br\/index.php\/wp-json\/wp\/v2\/types\/product"}],"replies":[{"embeddable":true,"href":"https:\/\/vohnabrindes.com.br\/index.php\/wp-json\/wp\/v2\/comments?post=5557"}],"version-history":[{"count":1,"href":"https:\/\/vohnabrindes.com.br\/index.php\/wp-json\/wp\/v2\/product\/5557\/revisions"}],"predecessor-version":[{"id":5587,"href":"https:\/\/vohnabrindes.com.br\/index.php\/wp-json\/wp\/v2\/product\/5557\/revisions\/5587"}],"wp:featuredmedia":[{"embeddable":true,"href":"https:\/\/vohnabrindes.com.br\/index.php\/wp-json\/wp\/v2\/media\/3138"}],"wp:attachment":[{"href":"https:\/\/vohnabrindes.com.br\/index.php\/wp-json\/wp\/v2\/media?parent=5557"}],"wp:term":[{"taxonomy":"product_cat","embeddable":true,"href":"https:\/\/vohnabrindes.com.br\/index.php\/wp-json\/wp\/v2\/product_cat?post=5557"},{"taxonomy":"product_tag","embeddable":true,"href":"https:\/\/vohnabrindes.com.br\/index.php\/wp-json\/wp\/v2\/product_tag?post=5557"}],"curies":[{"name":"wp","href":"https:\/\/api.w.org\/{rel}","templated":true}]}}