{"id":5558,"date":"2025-05-30T21:40:25","date_gmt":"2025-05-31T00:40:25","guid":{"rendered":"https:\/\/vohnabrindes.com.br\/?post_type=product&#038;p=5558"},"modified":"2025-05-30T21:40:27","modified_gmt":"2025-05-31T00:40:27","slug":"pasta-para-notebook-14-personalizada","status":"publish","type":"product","link":"https:\/\/vohnabrindes.com.br\/index.php\/product\/pasta-para-notebook-14-personalizada\/","title":{"rendered":"Pasta para notebook 14&#8221; personalizada."},"content":{"rendered":"<div class=\"ref\">92286-GRAPHS LAPTOP.<\/div>\n<div class=\"ref\">Pasta para notebook 14&#8221; personalizada.<\/div>\n<div class=\"texto\">Pasta para notebook em 600D de alta densidade. Compartimento forrado e almofadado, com divis\u00f3ria para notebook at\u00e9 14&#8221;. A pasta tem um bolso frontal, al\u00e7a de ombro ajust\u00e1vel, com refor\u00e7o almofadado e banda para transporte em trolley. 370 x 280 x 50 mm<\/div>\n","protected":false},"excerpt":{"rendered":"<p>92286-GRAPHS LAPTOP. Pasta para notebook 14&#8221; personalizada. Pasta para notebook em 600D de alta densidade. Compartimento forrado e almofadado, com divis\u00f3ria para notebook at\u00e9 14&#8221;. A<span class=\"excerpt-hellip\"> [\u2026]<\/span><\/p>\n","protected":false},"featured_media":3140,"comment_status":"open","ping_status":"closed","template":"","meta":[],"product_cat":[144],"product_tag":[1041,680],"class_list":["post-5558","product","type-product","status-publish","has-post-thumbnail","hentry","product_cat-cadernos-e-pastas","product_tag-pasta-para-notebook-14-personalizada","product_tag-pasta-personalizada"],"_links":{"self":[{"href":"https:\/\/vohnabrindes.com.br\/index.php\/wp-json\/wp\/v2\/product\/5558","targetHints":{"allow":["GET"]}}],"collection":[{"href":"https:\/\/vohnabrindes.com.br\/index.php\/wp-json\/wp\/v2\/product"}],"about":[{"href":"https:\/\/vohnabrindes.com.br\/index.php\/wp-json\/wp\/v2\/types\/product"}],"replies":[{"embeddable":true,"href":"https:\/\/vohnabrindes.com.br\/index.php\/wp-json\/wp\/v2\/comments?post=5558"}],"version-history":[{"count":1,"href":"https:\/\/vohnabrindes.com.br\/index.php\/wp-json\/wp\/v2\/product\/5558\/revisions"}],"predecessor-version":[{"id":5588,"href":"https:\/\/vohnabrindes.com.br\/index.php\/wp-json\/wp\/v2\/product\/5558\/revisions\/5588"}],"wp:featuredmedia":[{"embeddable":true,"href":"https:\/\/vohnabrindes.com.br\/index.php\/wp-json\/wp\/v2\/media\/3140"}],"wp:attachment":[{"href":"https:\/\/vohnabrindes.com.br\/index.php\/wp-json\/wp\/v2\/media?parent=5558"}],"wp:term":[{"taxonomy":"product_cat","embeddable":true,"href":"https:\/\/vohnabrindes.com.br\/index.php\/wp-json\/wp\/v2\/product_cat?post=5558"},{"taxonomy":"product_tag","embeddable":true,"href":"https:\/\/vohnabrindes.com.br\/index.php\/wp-json\/wp\/v2\/product_tag?post=5558"}],"curies":[{"name":"wp","href":"https:\/\/api.w.org\/{rel}","templated":true}]}}