{"id":5682,"date":"2025-05-30T21:40:36","date_gmt":"2025-05-31T00:40:36","guid":{"rendered":"https:\/\/vohnabrindes.com.br\/?post_type=product&#038;p=5682"},"modified":"2025-05-30T21:40:38","modified_gmt":"2025-05-31T00:40:38","slug":"canivete-luxo-personalizado","status":"publish","type":"product","link":"https:\/\/vohnabrindes.com.br\/index.php\/product\/canivete-luxo-personalizado\/","title":{"rendered":"Canivete luxo personalizado."},"content":{"rendered":"<div class=\"ref\">94358-YAGO.<\/div>\n<div class=\"ref\">Canivete em a\u00e7o inox e metal com fecho de seguran\u00e7a e clipe personalizado.<\/div>\n<div class=\"texto\">Canivete em a\u00e7o inox e metal com fecho de seguran\u00e7a e clipe. Fornecido em caixa presente. 97 x 15 x 29mm | Caixa: 110 x 37 x 20 mm<\/div>\n","protected":false},"excerpt":{"rendered":"<p>94358-YAGO. Canivete em a\u00e7o inox e metal com fecho de seguran\u00e7a e clipe personalizado. Canivete em a\u00e7o inox e metal com fecho de seguran\u00e7a e clipe.<span class=\"excerpt-hellip\"> [\u2026]<\/span><\/p>\n","protected":false},"featured_media":3332,"comment_status":"open","ping_status":"closed","template":"","meta":[],"product_cat":[493],"product_tag":[1115,562,499],"class_list":["post-5682","product","type-product","status-publish","has-post-thumbnail","hentry","product_cat-ferramentas-e-lanternas","product_tag-canivete-luxo-personalizado","product_tag-canivete-personalizado","product_tag-kit-ferramenta-personalizado"],"_links":{"self":[{"href":"https:\/\/vohnabrindes.com.br\/index.php\/wp-json\/wp\/v2\/product\/5682","targetHints":{"allow":["GET"]}}],"collection":[{"href":"https:\/\/vohnabrindes.com.br\/index.php\/wp-json\/wp\/v2\/product"}],"about":[{"href":"https:\/\/vohnabrindes.com.br\/index.php\/wp-json\/wp\/v2\/types\/product"}],"replies":[{"embeddable":true,"href":"https:\/\/vohnabrindes.com.br\/index.php\/wp-json\/wp\/v2\/comments?post=5682"}],"version-history":[{"count":1,"href":"https:\/\/vohnabrindes.com.br\/index.php\/wp-json\/wp\/v2\/product\/5682\/revisions"}],"predecessor-version":[{"id":5712,"href":"https:\/\/vohnabrindes.com.br\/index.php\/wp-json\/wp\/v2\/product\/5682\/revisions\/5712"}],"wp:featuredmedia":[{"embeddable":true,"href":"https:\/\/vohnabrindes.com.br\/index.php\/wp-json\/wp\/v2\/media\/3332"}],"wp:attachment":[{"href":"https:\/\/vohnabrindes.com.br\/index.php\/wp-json\/wp\/v2\/media?parent=5682"}],"wp:term":[{"taxonomy":"product_cat","embeddable":true,"href":"https:\/\/vohnabrindes.com.br\/index.php\/wp-json\/wp\/v2\/product_cat?post=5682"},{"taxonomy":"product_tag","embeddable":true,"href":"https:\/\/vohnabrindes.com.br\/index.php\/wp-json\/wp\/v2\/product_tag?post=5682"}],"curies":[{"name":"wp","href":"https:\/\/api.w.org\/{rel}","templated":true}]}}