{"id":5696,"date":"2025-05-30T21:40:37","date_gmt":"2025-05-31T00:40:37","guid":{"rendered":"https:\/\/vohnabrindes.com.br\/?post_type=product&#038;p=5696"},"modified":"2025-05-30T21:40:39","modified_gmt":"2025-05-31T00:40:39","slug":"mochila-de-rodinhas-luxo-personalizada","status":"publish","type":"product","link":"https:\/\/vohnabrindes.com.br\/index.php\/product\/mochila-de-rodinhas-luxo-personalizada\/","title":{"rendered":"Mochila de rodinhas luxo personalizada."},"content":{"rendered":"<div class=\"ref\">92319-SEVILLE.<\/div>\n<div class=\"ref\">Mochila trolley em 900D com revestimento resistente \u00e0 \u00e1gua 17.3&#8243;<\/div>\n<div class=\"texto\">Mochila trolley em 900D com revestimento resistente \u00e0 \u00e1gua. Compartimento principal espa\u00e7oso com bolso para port\u00e1til at\u00e9 17,3&#8243;, 3 bolsos frontais com z\u00edper e 2 bolsos laterais com el\u00e1stico no topo para transportar a sua squeeze. Mochila trolley com protetor de rodas e pega extens\u00edvel em metal. Parte posterior e al\u00e7as almofadadas. Placa met\u00e1lica remov\u00edvel com im\u00e3, para f\u00e1cil grava\u00e7\u00e3o. Capacidade at\u00e9 28 L e peso de 1,80 kg. 330 x 480 x 185 mm<\/div>\n","protected":false},"excerpt":{"rendered":"<p>92319-SEVILLE. Mochila trolley em 900D com revestimento resistente \u00e0 \u00e1gua 17.3&#8243; Mochila trolley em 900D com revestimento resistente \u00e0 \u00e1gua. Compartimento principal espa\u00e7oso com bolso para<span class=\"excerpt-hellip\"> [\u2026]<\/span><\/p>\n","protected":false},"featured_media":3372,"comment_status":"open","ping_status":"closed","template":"","meta":[],"product_cat":[171],"product_tag":[1130,1131,1132],"class_list":["post-5696","product","type-product","status-publish","has-post-thumbnail","hentry","product_cat-mochilas-e-malas","product_tag-mochila-de-rodinhas-luxo-personalizada","product_tag-mochila-de-rodinhas-personalizada","product_tag-mochila-trolley-personalizada"],"_links":{"self":[{"href":"https:\/\/vohnabrindes.com.br\/index.php\/wp-json\/wp\/v2\/product\/5696","targetHints":{"allow":["GET"]}}],"collection":[{"href":"https:\/\/vohnabrindes.com.br\/index.php\/wp-json\/wp\/v2\/product"}],"about":[{"href":"https:\/\/vohnabrindes.com.br\/index.php\/wp-json\/wp\/v2\/types\/product"}],"replies":[{"embeddable":true,"href":"https:\/\/vohnabrindes.com.br\/index.php\/wp-json\/wp\/v2\/comments?post=5696"}],"version-history":[{"count":1,"href":"https:\/\/vohnabrindes.com.br\/index.php\/wp-json\/wp\/v2\/product\/5696\/revisions"}],"predecessor-version":[{"id":5726,"href":"https:\/\/vohnabrindes.com.br\/index.php\/wp-json\/wp\/v2\/product\/5696\/revisions\/5726"}],"wp:featuredmedia":[{"embeddable":true,"href":"https:\/\/vohnabrindes.com.br\/index.php\/wp-json\/wp\/v2\/media\/3372"}],"wp:attachment":[{"href":"https:\/\/vohnabrindes.com.br\/index.php\/wp-json\/wp\/v2\/media?parent=5696"}],"wp:term":[{"taxonomy":"product_cat","embeddable":true,"href":"https:\/\/vohnabrindes.com.br\/index.php\/wp-json\/wp\/v2\/product_cat?post=5696"},{"taxonomy":"product_tag","embeddable":true,"href":"https:\/\/vohnabrindes.com.br\/index.php\/wp-json\/wp\/v2\/product_tag?post=5696"}],"curies":[{"name":"wp","href":"https:\/\/api.w.org\/{rel}","templated":true}]}}